{"id":14326,"date":"2023-06-17T02:35:57","date_gmt":"2023-06-17T00:35:57","guid":{"rendered":"https:\/\/biebrich02.de\/portal\/?page_id=14326"},"modified":"2025-06-19T02:19:53","modified_gmt":"2025-06-19T00:19:53","slug":"e1-junioren-archiv-2022-23","status":"publish","type":"page","link":"https:\/\/biebrich02.de\/portal\/?page_id=14326","title":{"rendered":"E1-Junioren Archiv 2022\/23"},"content":{"rendered":"\n<p class=\"has-text-align-center\"><strong>E1-Junioren des FV Biebrich 02 &#8211; Archiv 2022\/23<\/strong><\/p>\n\n\n\n<p class=\"has-text-align-center\"><strong>Kreisliga Wiesbaden 2022\/23, Gruppe 2<\/strong><\/p>\n\n\n\n<p class=\"has-text-align-center\"><strong>E-Junioren Kreispokalsieger Wiesbaden 2022\/23<\/strong><\/p>\n\n\n\n<p class=\"has-text-align-center\"><strong>E-Junioren Regionalpokalsieger Wiesbaden 2022\/23<\/strong><\/p>\n\n\n\n<p class=\"has-text-align-center\">\u2013&gt; <a href=\"https:\/\/biebrich02.de\/portal\/?page_id=216\">Home<\/a> | &#8211;&gt; <a href=\"https:\/\/biebrich02.de\/portal\/?page_id=14642\">Unser Team<\/a> | \u2013&gt; <a href=\"https:\/\/biebrich02.de\/portal\/?page_id=745\">Galerie<\/a> | \u2013&gt; <a href=\"https:\/\/biebrich02.de\/portal\/?page_id=2538\">DFB-Net Tabellenarchiv<\/a> | \u2013&gt; <a href=\"https:\/\/biebrich02.de\/portal\/?page_id=7677\">Archiv<\/a><\/p>\n\n\n\n<p class=\"has-text-align-center\">Trainer: Fahrettin Sarac<\/p>\n\n\n\n<p class=\"has-text-align-center\"><strong>Spielplan der E1-Junioren des FV Biebrich 02 &#8211; Kreisliga Wiesbaden 2022\/23, Gruppe 2<\/strong><\/p>\n\n\n\n<figure class=\"wp-block-table is-style-stripes\"><table><tbody><tr><td>Datum<\/td><td>Spielpaarung<\/td><td>Ansto\u00df<\/td><\/tr><tr><td>Sa. 10. 09. 2022<\/td><td>FV Biebrich 02 &#8211; <a href=\"https:\/\/www.tus-dotzheim.de\/\">TuS Dotzheim 1848<\/a> 4:2<\/td><td>12:00 Uhr<\/td><\/tr><tr><td>Sa. 17. 09. 2022<\/td><td><a href=\"https:\/\/tsg-kastel.de\/\">TSG 1846 Kastel<\/a> &#8211; FV Biebrich 02  15:0<\/td><td>10:00 Uhr<\/td><\/tr><tr><td>Sa. 24. 09. 2022<\/td><td>FV Biebrich 02 &#8211; <a href=\"https:\/\/www.fcf1950.de\/\">FC 1950 Freudenberg<\/a> 1:15<\/td><td>12:00 Uhr<\/td><\/tr><tr><td>Sa. 08. 10. 2022<\/td><td><a href=\"https:\/\/www.sckohlheck.de\/\">1. SC Kohlheck 1951<\/a> &#8211; FV Biebrich 02 0:7<\/td><td>10:00 Uhr<\/td><\/tr><tr><td>Sa. 15. 10. 2022<\/td><td>FVgg Kastel 06 &#8211; FV Biebrich 02  5:1<\/td><td>09:00 Uhr<\/td><\/tr><tr><td>Sa. 22. 10. 2022<\/td><td>FV Biebrich 02 &#8211; <a href=\"https:\/\/www.fcf1950.de\/\">FC 1950 Freudenberg<\/a> 2:4<\/td><td>10:00 Uhr<\/td><\/tr><tr><td>Sa. 29. 10. 2022<\/td><td><a href=\"https:\/\/www.sckohlheck.de\/\">1. SC Kohlheck 1951<\/a> &#8211; FV Biebrich 02 6:2<\/td><td>10:00 Uhr<\/td><\/tr><tr><td>Sa. 05. 11. 2022<\/td><td>FV Biebrich 02 &#8211; <a href=\"http:\/\/www.ftw1896.com\/\">Freie Turnerschaft Wiesbaden 1896<\/a> 3:0 *<\/td><td>11:00 Uhr<\/td><\/tr><tr><td>Sa. 12. 11. 2022<\/td><td><a href=\"https:\/\/www.svk1912.de\/\">SV Kostheim 1912<\/a> &#8211; FV Biebrich 02 18:0<\/td><td>11:00 Uhr<\/td><\/tr><tr><td>Sa. 19. 11. 2022<\/td><td>FV Biebrich 02 &#8211; <a href=\"https:\/\/www.tus-dotzheim.de\/\">TuS Dotzheim 1848<\/a> 5:1<\/td><td>11:00 Uhr<\/td><\/tr><tr><td>Sa. 26. 11. 2022<\/td><td><a href=\"https:\/\/tsg-kastel.de\/\">TSG 1846 Kastel<\/a>  &#8211; FV Biebrich 02 9:0<\/td><td>10:00 Uhr<\/td><\/tr><tr><td>Sa. 04. 03. 2023<\/td><td>FV Biebrich 02 &#8211; <a href=\"http:\/\/www.ftw1896.com\/\">Freie Turnerschaft Wiesbaden 1896<\/a> 3:0 *<\/td><td>12:00 Uhr<\/td><\/tr><tr><td>Sa. 11. 03. 2023<\/td><td><a href=\"https:\/\/www.fcf1950.de\/\">FC 1950 Freudenberg<\/a> &#8211; FV Biebrich 02 17:0<\/td><td>10:00 Uhr<\/td><\/tr><tr><td>Mi. 15. 03. 2023<\/td><td><a href=\"https:\/\/www.svk1912.de\/\">SV Kostheim 1912<\/a> &#8211; FV Biebrich 02 7:1<\/td><td>17:30 Uhr<\/td><\/tr><tr><td>Sa. 18. 03. 2023 <\/td><td>FV Biebrich 02 &#8211; <a href=\"https:\/\/www.sckohlheck.de\/\">1. SC Kohlheck 1951<\/a> 7:1<\/td><td>11:00 Uhr<\/td><\/tr><tr><td>Sa. 25. 03. 2023<\/td><td>FV Biebrich 02 &#8211; FVgg Kastel 06 2:0<\/td><td>12:00 Uhr<\/td><\/tr><tr><td>Fr. 05. 05. 2023<\/td><td>FVgg Kastel 06 &#8211; FV Biebrich 02 3:4<\/td><td>17:00 Uhr<\/td><\/tr><tr><td>Sa. 06. 05. 2023<\/td><td><a href=\"http:\/\/www.ftw1896.com\/\">Freie Turnerschaft Wiesbaden 1896<\/a> &#8211; FV Biebrich 02 0:3 *<\/td><td>09:30 Uhr<\/td><\/tr><tr><td>Sa. 13. 05. 2023<\/td><td>FV Biebrich 02 &#8211; <a href=\"https:\/\/www.svk1912.de\/\">SV Kostheim 1912<\/a> 5:2<\/td><td>13:00 Uhr<\/td><\/tr><tr><td>Sa. 20. 05. 2023<\/td><td><a href=\"https:\/\/www.tus-dotzheim.de\/\">TuS Dotzheim 1848<\/a> &#8211; FV Biebrich 02 0:18<\/td><td>12:00 Uhr<\/td><\/tr><tr><td>Sa. 03. 06. 2023<\/td><td>FV Biebrich 02 &#8211; <a href=\"https:\/\/tsg-kastel.de\/\">TSG 1846 Kastel<\/a> 2:6<\/td><td>12:00 Uhr<\/td><\/tr><\/tbody><\/table><\/figure>\n\n\n\n<p class=\"has-text-align-center\">Hinweis: * Wertung; die Freie Turnerschaft Wiesbaden hat zur\u00fcckgezogen.<\/p>\n\n\n\n<p>Hinweis: Um eine schnellstm\u00f6gliche Information \u00fcber Spielergebnisse und Tabellenst\u00e4nde gew\u00e4hrleisten zu k\u00f6nnen, binden wir die sogenannten FUSSBALL.DE-Widgets auf unseren Seiten ein. Wir weisen Sie hiermit explizit auf den Einsatz dieser Widgets und die damit verbundenen \u2013&gt; <a href=\"http:\/\/www.fussball.de\/privacy\">Datenschutzbestimmungen<\/a>, insbesondere im Bereich \u201eWebtracking\u201c, von \u2013&gt; <a href=\"http:\/\/www.fussball.de\">FUSSBALL.DE<\/a> hin.<\/p>\n\n\n<div id=\"fubade-0-H9NMQ\" class=\"include-fussball-de-widgets\">\n\t<iframe src='\/\/www.fussball.de\/widget2\/-\/schluessel\/02J0AO2O1C000000VUM1DNOMVVGH9NMQ\/target\/fubade-0-H9NMQ\/caller\/biebrich02.de' width='100%' height='100%' scrolling='no' style='border: 1px solid #CECECE; overflow: hidden; min-height: 200px;'><\/iframe>\n<\/div>\n\n\n\n<p class=\"has-text-align-center\"><strong>Spielplan der E-Junioren des FV Biebrich 02 &#8211; Kreispokal Wiesbaden 2022\/23<\/strong><\/p>\n\n\n\n<figure class=\"wp-block-table is-style-stripes\"><table><tbody><tr><td> Datum<\/td><td> Spielpaarung<\/td><td> Ansto\u00df<\/td><\/tr><tr><td> Fr. 30. 09. 2022<\/td><td> Freilos<\/td><td><\/td><\/tr><tr><td> Di. 18. 10. 2022<\/td><td> <a href=\"https:\/\/www.spvgg-igstadt.de\/\">SpVgg Igstadt 1948<\/a> &#8211; FV Biebrich 02 0:3 *<\/td><td>  15:30 Uhr<\/td><\/tr><\/tbody><\/table><\/figure>\n\n\n\n<p class=\"has-text-align-center\">Hinweis: * Wertung.<\/p>\n\n\n\n<p class=\"has-text-align-center\"><strong>Spielplan der E-Junioren des FV Biebrich 02 &#8211; Kreispokal Wiesbaden 2022\/23, Endrunde, Gruppe 2<\/strong><\/p>\n\n\n\n<figure class=\"wp-block-table is-style-stripes\"><table><tbody><tr><td>Datum<\/td><td>Spielpaarung<\/td><td>Ansto\u00df<\/td><\/tr><tr><td>Mo. 01. 05. 2023<\/td><td><a href=\"https:\/\/www.tus-nordenstadt-fussball.de\/\">TuS Nordenstadt 1883<\/a> &#8211; FV Biebrich 02 0:4<\/td><td>09:48 Uhr<\/td><\/tr><tr><td>Mo. 01. 05. 2023<\/td><td>FV Biebrich 02 &#8211; <a href=\"https:\/\/www.svk1912.de\/\">SV 1912 Kostheim<\/a> 2:2<\/td><td>10:42 Uhr<\/td><\/tr><tr><td>Mo. 01. 05. 2023<\/td><td>FV Biebrich 02 &#8211; <a href=\"https:\/\/sckohlheck.de\/\">1. SC Kohlheck 1951<\/a> 5:0<\/td><td>11:36 Uhr<\/td><\/tr><tr><td>Mo. 01. 05. 2023<\/td><td><a href=\"https:\/\/www.sc-klarenthal.de\/\">DJK 1. SC Klarenthal 1968<\/a> &#8211; FV Biebrich 02 0:3<\/td><td>12:12 Uhr<\/td><\/tr><\/tbody><\/table><\/figure>\n\n\n\n<p class=\"has-text-align-center\"><strong>E-Junioren Kreispokal Wiesbaden 2022\/23 &#8211; Finale<\/strong><\/p>\n\n\n\n<figure class=\"wp-block-table is-style-stripes\"><table><tbody><tr><td>Datum<\/td><td>Spielpaarung<\/td><td>Ansto\u00df<\/td><\/tr><tr><td>Mo. 01. 05. 2023<\/td><td><a href=\"https:\/\/www.sg-germania-wiesbaden.de\/\">SG Germania Wiesbaden 1903<\/a> -FV Biebrich 02 0:5<\/td><td>12:40 Uhr<\/td><\/tr><\/tbody><\/table><\/figure>\n\n\n\n<p>Hinweis: Um eine schnellstm\u00f6gliche Information \u00fcber Spielergebnisse und Tabellenst\u00e4nde gew\u00e4hrleisten zu k\u00f6nnen, binden wir die sogenannten FUSSBALL.DE-Widgets auf unseren Seiten ein. Wir weisen Sie hiermit explizit auf den Einsatz dieser Widgets und die damit verbundenen \u2013&gt; <a href=\"http:\/\/www.fussball.de\/privacy\">Datenschutzbestimmungen<\/a>, insbesondere im Bereich \u201eWebtracking\u201c, von \u2013&gt; <a href=\"http:\/\/www.fussball.de\">FUSSBALL.DE<\/a> hin.<\/p>\n\n\n<div id=\"fubade-1-H9NMQ\" class=\"include-fussball-de-widgets\">\n\t<iframe src='\/\/www.fussball.de\/widget2\/-\/schluessel\/02J0C0QJLK000000VUM1DNOMVVGH9NMQ\/target\/fubade-1-H9NMQ\/caller\/biebrich02.de' width='100%' height='100%' scrolling='no' style='border: 1px solid #CECECE; overflow: hidden; min-height: 200px;'><\/iframe>\n<\/div>\n\n\n\n<p class=\"has-text-align-center\"><strong>Spielplan der E-Junioren des FV Biebrich 02 &#8211; Regionalpokal Wiesbaden 2022\/23<\/strong><\/p>\n\n\n\n<figure class=\"wp-block-table is-style-stripes\"><table><tbody><tr><td>Datum<\/td><td>Spielpaarung<\/td><td>Ansto\u00df<\/td><\/tr><tr><td>Mi. 17. 05. 2023<\/td><td><a href=\"https:\/\/jfv2009.de\/\">JFV Dietkirchen\/Offheim 2009<\/a> &#8211; FV Biebrich 02 0:8<\/td><td>18:30 Uhr<\/td><\/tr><tr><td>Do. 08. 06. 2023<\/td><td>FV Biebrich 02 &#8211; <a href=\"https:\/\/www.vfb-unterliederbach.de\/\">VfB Unterliederbach 1912<\/a> 4:2 *<\/td><td>13:00 Uhr<\/td><\/tr><\/tbody><\/table><\/figure>\n\n\n\n<p class=\"has-text-align-center\">Hinweis: * In der Witz in Mainz Kastel.<\/p>\n\n\n\n<p>Hinweis: Um eine schnellstm\u00f6gliche Information \u00fcber Spielergebnisse und Tabellenst\u00e4nde gew\u00e4hrleisten zu k\u00f6nnen, binden wir die sogenannten FUSSBALL.DE-Widgets auf unseren Seiten ein. Wir weisen Sie hiermit explizit auf den Einsatz dieser Widgets und die damit verbundenen \u2013&gt; <a href=\"http:\/\/www.fussball.de\/privacy\">Datenschutzbestimmungen<\/a>, insbesondere im Bereich \u201eWebtracking\u201c, von \u2013&gt; <a href=\"http:\/\/www.fussball.de\">FUSSBALL.DE<\/a> hin.<\/p>\n\n\n<div id=\"fubade-8-CCI1J\" class=\"include-fussball-de-widgets\">\n\t<iframe src='\/\/www.fussball.de\/widget2\/-\/schluessel\/02LPR7JKG8000000VUM1DNOOVT2CCI1J\/target\/fubade-8-CCI1J\/caller\/biebrich02.de' width='100%' height='100%' scrolling='no' style='border: 1px solid #CECECE; overflow: hidden; min-height: 200px;'><\/iframe>\n<\/div>\n\n\n\n<p class=\"has-text-align-center\"><strong>Spielplan der E-Junioren des FV Biebrich 02 \u2013 Wolfgang-Schlosser-Cup 2023<\/strong><\/p>\n\n\n\n<p class=\"has-text-align-center\"><strong>Landesentscheidung f\u00fcr E7-Junioren-Mannschaften<\/strong> *<\/p>\n\n\n\n<figure class=\"wp-block-table is-style-stripes\"><table><tbody><tr><td>Datum<\/td><td>Spielpaarung<\/td><td>Ansto\u00df<\/td><\/tr><tr><td>Sa. 24. 06. 2023<\/td><td>FV Biebrich 02 &#8211; <a href=\"https:\/\/tsv-auerbach.org\/\">TSV Rot-Wei\u00df Auerbach 1881<\/a> 1:0<\/td><td>10:22 Uhr<\/td><\/tr><tr><td>Sa. 24. 06. 2023<\/td><td>JSG Linsengericht &#8211; FV Biebrich 02 0:6<\/td><td>11:50 Uhr<\/td><\/tr><tr><td>Sa. 24. 06. 2023<\/td><td>JSG Sorga\/Kathus &#8211; FV Biebrich 02 0:5<\/td><td>13:18 Uhr<\/td><\/tr><\/tbody><\/table><\/figure>\n\n\n\n<p class=\"has-text-align-center\">Hinweis: * am 24. 06. 2023 in H\u00fcnfeld.<\/p>\n\n\n\n<p>Es wurde keine Zwischen- oder Endrunde gespielt. Die Turnierergebnisse f\u00fchrten mit den Punkten aus dem Geschicklichkeitswettbewerb zum Gesamtergebnis. Wir gratulieren dem FV Biebrich 02 zum Gewinn des Landesentscheides.<\/p>\n\n\n<div id=\"fubade-9-FH4AO\" class=\"include-fussball-de-widgets\">\n\t<iframe src='\/\/www.fussball.de\/widget2\/-\/schluessel\/02M8ARP53S000000VUM1DNORVT7FH4AO\/target\/fubade-9-FH4AO\/caller\/biebrich02.de' width='100%' height='100%' scrolling='no' style='border: 1px solid #CECECE; overflow: hidden; min-height: 200px;'><\/iframe>\n<\/div>\n","protected":false},"excerpt":{"rendered":"<p>E1-Junioren des FV Biebrich 02 &#8211; Archiv 2022\/23 Kreisliga Wiesbaden 2022\/23, Gruppe 2 E-Junioren Kreispokalsieger Wiesbaden 2022\/23 E-Junioren Regionalpokalsieger Wiesbaden 2022\/23 \u2013&gt; Home | &#8211;&gt; Unser Team | \u2013&gt; Galerie | \u2013&gt; DFB-Net Tabellenarchiv | \u2013&gt; Archiv Trainer: Fahrettin Sarac Spielplan der E1-Junioren des FV Biebrich 02 &#8211; Kreisliga Wiesbaden 2022\/23, Gruppe 2 Datum Spielpaarung [&hellip;]<\/p>\n","protected":false},"author":1,"featured_media":0,"parent":0,"menu_order":0,"comment_status":"closed","ping_status":"closed","template":"","meta":{"footnotes":""},"class_list":["post-14326","page","type-page","status-publish","hentry"],"_links":{"self":[{"href":"https:\/\/biebrich02.de\/portal\/index.php?rest_route=\/wp\/v2\/pages\/14326","targetHints":{"allow":["GET"]}}],"collection":[{"href":"https:\/\/biebrich02.de\/portal\/index.php?rest_route=\/wp\/v2\/pages"}],"about":[{"href":"https:\/\/biebrich02.de\/portal\/index.php?rest_route=\/wp\/v2\/types\/page"}],"author":[{"embeddable":true,"href":"https:\/\/biebrich02.de\/portal\/index.php?rest_route=\/wp\/v2\/users\/1"}],"replies":[{"embeddable":true,"href":"https:\/\/biebrich02.de\/portal\/index.php?rest_route=%2Fwp%2Fv2%2Fcomments&post=14326"}],"version-history":[{"count":10,"href":"https:\/\/biebrich02.de\/portal\/index.php?rest_route=\/wp\/v2\/pages\/14326\/revisions"}],"predecessor-version":[{"id":20823,"href":"https:\/\/biebrich02.de\/portal\/index.php?rest_route=\/wp\/v2\/pages\/14326\/revisions\/20823"}],"wp:attachment":[{"href":"https:\/\/biebrich02.de\/portal\/index.php?rest_route=%2Fwp%2Fv2%2Fmedia&parent=14326"}],"curies":[{"name":"wp","href":"https:\/\/api.w.org\/{rel}","templated":true}]}}