{"id":14370,"date":"2023-06-19T03:11:01","date_gmt":"2023-06-19T01:11:01","guid":{"rendered":"https:\/\/biebrich02.de\/portal\/?page_id=14370"},"modified":"2023-06-28T01:16:23","modified_gmt":"2023-06-27T23:16:23","slug":"e3-junioren-archiv-2022-23","status":"publish","type":"page","link":"https:\/\/biebrich02.de\/portal\/?page_id=14370","title":{"rendered":"E3-Junioren Archiv 2022\/23"},"content":{"rendered":"\n<p class=\"has-text-align-center\"><strong>E3-Junioren des FV Biebrich 02 &#8211; Archiv 2022\/23<\/strong><\/p>\n\n\n\n<p class=\"has-text-align-center\"><strong>Kreisklasse Wiesbaden 2022\/23, Gruppe 3<\/strong><\/p>\n\n\n\n<p class=\"has-text-align-center\">\u2013> <a href=\"https:\/\/biebrich02.de\/portal\/?page_id=224\">Home<\/a> | &#8211;> <a href=\"https:\/\/biebrich02.de\/portal\/?page_id=14661\">Unser Team<\/a> | &#8211;> <a href=\"https:\/\/biebrich02.de\/portal\/?page_id=14673\">Galerie<\/a> | \u2013> <a href=\"https:\/\/biebrich02.de\/portal\/?page_id=2607\">DFB-Net Tabellenarchiv<\/a> | \u2013> <a href=\"https:\/\/biebrich02.de\/portal\/?page_id=7702\">Archiv<\/a><\/p>\n\n\n\n<p class=\"has-text-align-center\">Trainer: Ali Arslan<\/p>\n\n\n\n<p class=\"has-text-align-center\"><strong>Spielplan der E3-Junioren des FV Biebrich 02 &#8211; Kreisklasse Wiesbaden 2022\/23, Gruppe 3<\/strong><\/p>\n\n\n\n<figure class=\"wp-block-table is-style-stripes\"><table><tbody><tr><td>Datum<\/td><td>Spielpaarung<\/td><td>Ansto\u00df<\/td><\/tr><tr><td>Sa. 10. 09. 2022<\/td><td>FV Biebrich 02 III &#8211; <a href=\"http:\/\/www.ftw1896.com\/\">Freie Turnerschaft Wiesbaden 1896 III<\/a> 0:9<\/td><td>11:00 Uhr<\/td><\/tr><tr><td>Sa. 17. 09. 2022<\/td><td><a href=\"https:\/\/www.fc34.de\/\">FC 1934 Bierstadt III<\/a> &#8211; FV Biebrich 02 III 6:0<\/td><td>10:30 Uhr<\/td><\/tr><tr><td>Sa. 24. 09. 2022<\/td><td>FV Biebrich 02 III &#8211; <a href=\"http:\/\/www.schierstein08.de\/\">FSV Schierstein 08 II<\/a> 6:1<\/td><td>11:00 Uhr<\/td><\/tr><tr><td>Sa. 01. 10. 2022<\/td><td>FV Biebrich 02 III &#8211; <a href=\"https:\/\/www.vfr-wiesbaden.de\/\">VfR Wiesbaden II<\/a> 3:6<\/td><td>11:00 Uhr<\/td><\/tr><tr><td>Sa. 08. 10. 2022<\/td><td>Der FV Biebrich 02 III ist spielfrei.<\/td><td> <\/td><\/tr><tr><td>Sa. 15. 10. 2022<\/td><td>FV Biebrich 02 III &#8211; <a href=\"https:\/\/schwarz-weiss-wiesbaden.de\/\">DJK SC Schwarz-Wei\u00df Wiesbaden II<\/a> 0:6<\/td><td>11:00 Uhr<\/td><\/tr><tr><td>Sa. 22. 10. 2022<\/td><td><a href=\"https:\/\/www.tus-nordenstadt-fussball.de\/\">TuS Nordenstadt 1883 III<\/a>  &#8211; FV Biebrich 02 III 12:0<\/td><td>11:30 Uhr<\/td><\/tr><tr><td>Mo. 31. 10. 2022<\/td><td><a href=\"https:\/\/www.sg-germania-wiesbaden.de\/\">SG Germania Wiesbaden 1903 II<\/a> &#8211; FV Biebrich 02 III 8:2<\/td><td>17:30 Uhr<\/td><\/tr><tr><td>Sa. 05. 11. 2022<\/td><td><a href=\"https:\/\/www.sckohlheck.de\/\">1. SC Kohlheck 1951 II<\/a> &#8211; FV Biebrich 02 III 3:3<\/td><td>10:00 Uhr<\/td><\/tr><tr><td>Sa. 12. 11. 2022<\/td><td>FV Biebrich 02 III &#8211; <a href=\"https:\/\/www.sc-klarenthal.de\/\">DJK 1. SC Klarenthal 1968 II<\/a> 0:7<\/td><td>11:00 Uhr<\/td><\/tr><tr><td>Mo. 14. 11. 2022<\/td><td>FV Biebrich 02 II &#8211; <a href=\"https:\/\/www.svniedernhausen.de\/\">SV 1913 Niedernhausen II<\/a> 3:5<\/td><td>17:00 Uhr<\/td><\/tr><tr><td>Sa. 19. 11. 2022<\/td><td><a href=\"https:\/\/www.fc-naurod.de\/\">1. FC Naurod 1928 II<\/a> &#8211; FV Biebrich 02 III 0:7<\/td><td>09:00 Uhr<\/td><\/tr><tr><td>Sa. 26. 11. 2022<\/td><td>Der FV Biebrich 02 III ist spielfrei.<\/td><td> <\/td><\/tr><tr><td>Sa. 03. 12. 2022<\/td><td><a href=\"https:\/\/www.vfr-wiesbaden.de\/\">VfR Wiesbaden II<\/a> &#8211; FV Biebrich 02 III 3:1<\/td><td>10:15 Uhr<\/td><\/tr><tr><td>Sa. 10. 12. 2022<\/td><td>FV Biebrich 02 III &#8211; <a href=\"https:\/\/www.sg-germania-wiesbaden.de\/\">SG Germania Wiesbaden 1903 II<\/a> 3:0<\/td><td>11:00 Uhr<\/td><\/tr><tr><td>Sa. 25. 02. 2023<\/td><td>FV Biebrich 02 III &#8211; <a href=\"https:\/\/www.tus-nordenstadt-fussball.de\/\">TuS Nordenstadt 1883 III<\/a> 1:6<\/td><td>11:00 Uhr<\/td><\/tr><tr><td>Sa. 04. 03. 2023<\/td><td>FV Biebrich 02 III &#8211; <a href=\"https:\/\/www.fc34.de\/\">FC 1934 Bierstadt III<\/a> 4:1<\/td><td>11:00 Uhr<\/td><\/tr><tr><td>Sa. 11. 03. 2023<\/td><td><a href=\"http:\/\/www.schierstein08.de\/\">FSV Schierstein 08 II<\/a> &#8211; FV Biebrich 02 III 1:11<\/td><td>11:45 Uhr<\/td><\/tr><tr><td>Mo. 13. 03. 2023<\/td><td><a href=\"https:\/\/www.svniedernhausen.de\/\">SV 1913 Niedernhausen II<\/a> &#8211; FV Biebrich 02 III 1:1<\/td><td>18:00 Uhr<\/td><\/tr><tr><td>Sa. 18. 03. 2023<\/td><td>Der FV Biebrich 02 III ist spielfrei.<\/td><td><\/td><\/tr><tr><td>Sa. 25. 03. 2023<\/td><td><a href=\"https:\/\/schwarz-weiss-wiesbaden.de\/\">DJK SC Schwarz-Wei\u00df Wiesbaden II<\/a> &#8211; FV Biebrich 02 III 3:2<\/td><td>11:15 Uhr<\/td><\/tr><tr><td>Sa. 29. 04. 2023<\/td><td><a href=\"http:\/\/www.ftw1896.com\/\">Freie Turnerschaft Wiesbaden 1896 III<\/a> &#8211; FV Biebrich 02 III 1:4<\/td><td>09:30 Uhr<\/td><\/tr><tr><td>Sa. 13. 05. 2023<\/td><td><a href=\"https:\/\/www.sc-klarenthal.de\/\">DJK 1. SC Klarenthal 1968 II<\/a> &#8211; FV Biebrich 02 III 15:1<\/td><td>10:30 Uhr<\/td><\/tr><tr><td>Mi. 24. 05. 2023<\/td><td>FV Biebrich 02 III &#8211; <a href=\"https:\/\/www.sckohlheck.de\/\">1. SC Kohlheck 1951 II<\/a> 7:1<\/td><td>16:45 Uhr<\/td><\/tr><tr><td>Fr. 02. 06. 2023<\/td><td>FV Biebrich 02 III &#8211; <a href=\"https:\/\/www.fc-naurod.de\/\">1. FC Naurod 1928 II<\/a> 1:2<\/td><td>17:30 Uhr<\/td><\/tr><tr><td>Sa. 03. 06. 2023<\/td><td><a href=\"https:\/\/www.spvgg-sonnenberg.de\/\">SpVgg Sonnenberg III <\/a>&#8211; FV Biebrich 02 III 3:8<\/td><td>10:30 Uhr<\/td><\/tr><\/tbody><\/table><\/figure>\n\n\n\n<p>Hinweis: Um eine schnellstm\u00f6gliche Information \u00fcber Spielergebnisse und Tabellenst\u00e4nde gew\u00e4hrleisten zu k\u00f6nnen, binden wir die sogenannten FUSSBALL.DE-Widgets auf unseren Seiten ein. Wir weisen Sie hiermit explizit auf den Einsatz dieser Widgets und die damit verbundenen \u2013&gt; <a href=\"http:\/\/www.fussball.de\/privacy\">Datenschutzbestimmungen<\/a>, insbesondere im Bereich \u201eWebtracking\u201c, von \u2013&gt; <a href=\"http:\/\/www.fussball.de\">FUSSBALL.DE<\/a> hin.<\/p>\n\n\n<div id=\"fubade-0-NSHQP\" class=\"include-fussball-de-widgets\">\n\t<iframe src='\/\/www.fussball.de\/widget2\/-\/schluessel\/02J0AQP51C000000VUM1DNOPVS9NSHQP\/target\/fubade-0-NSHQP\/caller\/biebrich02.de' width='100%' height='100%' scrolling='no' style='border: 1px solid #CECECE; overflow: hidden; min-height: 200px;'><\/iframe>\n<\/div>\n","protected":false},"excerpt":{"rendered":"<p>E3-Junioren des FV Biebrich 02 &#8211; Archiv 2022\/23 Kreisklasse Wiesbaden 2022\/23, Gruppe 3 \u2013> Home | &#8211;> Unser Team | &#8211;> Galerie | \u2013> DFB-Net Tabellenarchiv | \u2013> Archiv Trainer: Ali Arslan Spielplan der E3-Junioren des FV Biebrich 02 &#8211; Kreisklasse Wiesbaden 2022\/23, Gruppe 3 Datum Spielpaarung Ansto\u00df Sa. 10. 09. 2022 FV Biebrich 02 [&hellip;]<\/p>\n","protected":false},"author":1,"featured_media":0,"parent":0,"menu_order":0,"comment_status":"closed","ping_status":"closed","template":"","meta":{"footnotes":""},"class_list":["post-14370","page","type-page","status-publish","hentry"],"_links":{"self":[{"href":"https:\/\/biebrich02.de\/portal\/index.php?rest_route=\/wp\/v2\/pages\/14370","targetHints":{"allow":["GET"]}}],"collection":[{"href":"https:\/\/biebrich02.de\/portal\/index.php?rest_route=\/wp\/v2\/pages"}],"about":[{"href":"https:\/\/biebrich02.de\/portal\/index.php?rest_route=\/wp\/v2\/types\/page"}],"author":[{"embeddable":true,"href":"https:\/\/biebrich02.de\/portal\/index.php?rest_route=\/wp\/v2\/users\/1"}],"replies":[{"embeddable":true,"href":"https:\/\/biebrich02.de\/portal\/index.php?rest_route=%2Fwp%2Fv2%2Fcomments&post=14370"}],"version-history":[{"count":3,"href":"https:\/\/biebrich02.de\/portal\/index.php?rest_route=\/wp\/v2\/pages\/14370\/revisions"}],"predecessor-version":[{"id":14680,"href":"https:\/\/biebrich02.de\/portal\/index.php?rest_route=\/wp\/v2\/pages\/14370\/revisions\/14680"}],"wp:attachment":[{"href":"https:\/\/biebrich02.de\/portal\/index.php?rest_route=%2Fwp%2Fv2%2Fmedia&parent=14370"}],"curies":[{"name":"wp","href":"https:\/\/api.w.org\/{rel}","templated":true}]}}