{"id":14415,"date":"2023-06-20T02:28:39","date_gmt":"2023-06-20T00:28:39","guid":{"rendered":"https:\/\/biebrich02.de\/portal\/?page_id=14415"},"modified":"2023-08-09T00:13:29","modified_gmt":"2023-08-08T22:13:29","slug":"f2-junioren-archiv-2022-23","status":"publish","type":"page","link":"https:\/\/biebrich02.de\/portal\/?page_id=14415","title":{"rendered":"F2-Junioren Archiv 2022\/23"},"content":{"rendered":"\n<p class=\"has-text-align-center\"><strong>F2-Junioren des FV Biebrich 02 &#8211; Archiv 2022\/23<\/strong><\/p>\n\n\n\n<p class=\"has-text-align-center\">\u2013&gt; <a href=\"https:\/\/biebrich02.de\/portal\/?page_id=240\">Home<\/a> | \u2013&gt; <a href=\"https:\/\/biebrich02.de\/portal\/?page_id=4947\">Unser Team<\/a> |\u2013&gt; <a href=\"https:\/\/biebrich02.de\/portal\/?page_id=4646\">Galerie<\/a> |\u2013&gt;<a href=\"https:\/\/biebrich02.de\/portal\/?page_id=7747\">Archiv<\/a><\/p>\n\n\n\n<p class=\"has-text-align-center\">Trainer: Frank Burneleit<\/p>\n\n\n\n<p class=\"has-text-align-center\">Trainer: H\u00fcsseyin Yanik<\/p>\n\n\n\n<p class=\"has-text-align-center\"><strong>Spielplan der F2-Junioren des FV Biebrich 02 \u2013 Kreisklasse Wiesbaden 2023, Fr\u00fchjahrsrunde Gruppe C<\/strong><\/p>\n\n\n\n<div class=\"wp-block-columns is-layout-flex wp-container-core-columns-is-layout-9d6595d7 wp-block-columns-is-layout-flex\">\n<div class=\"wp-block-column is-layout-flow wp-block-column-is-layout-flow\" style=\"flex-basis:100%\">\n<figure class=\"wp-block-table is-style-stripes\"><table><tbody><tr><td>Datum<\/td><td>Spielpaarung<\/td><td>Ansto\u00df<\/td><\/tr><tr><td>Sa. 11. 03. 2023<\/td><td>FV Biebrich 02 II &#8211; <a href=\"https:\/\/tsg-kastel.de\/\">TSG 1846 Kastel II<\/a> 3:1<\/td><td>10:00 Uhr<\/td><\/tr><tr><td>Sa. 18. 03. 2023<\/td><td>FVgg Kastel 06 (M\u00e4dchen) &#8211; FV Biebrich 02 II 2:3<\/td><td>10:00 Uhr<\/td><\/tr><tr><td>Sa. 25. 03. 2023<\/td><td>FV Biebrich 02 II &#8211; <a href=\"https:\/\/www.vfr-wiesbaden.de\/\">VfR Wiesbaden<\/a> 4:2<\/td><td>10:00  Uhr<\/td><\/tr><tr><td>Sa. 29. 04. 2023<\/td><td>FV Biebrich 02 II &#8211; <a href=\"https:\/\/sckohlheck.de\/\">1. SC Kohlheck 1951<\/a> 4:4<\/td><td>10:00 Uhr<\/td><\/tr><tr><td>Sa. 06. 05. 2023<\/td><td><a href=\"https:\/\/www.fcf1950.de\/\">FC 1950 Freudenberg II<\/a> &#8211; FV Biebrich 02 II 1:4<\/td><td>09:00 Uhr<\/td><\/tr><tr><td>Sa. 13. 05. 2023<\/td><td><a href=\"https:\/\/www.fc34.de\/\">FC 1934 Bierstadt II<\/a> &#8211; FV Biebrich 02 II<\/td><td>09:0 Uhr<\/td><\/tr><tr><td>Sa. 20. 05. 2023<\/td><td>FV Biebrich 02 II &#8211; <a href=\"https:\/\/www.djksww.de\/\">DJK SC Schwarz-Wei\u00df Wiesbaden<\/a> 5:2<\/td><td>11:00 Uhr<\/td><\/tr><tr><td>Sa. 03. 06. 2023<\/td><td><a href=\"https:\/\/www.spvgg-sonnenberg.de\/\">SpVgg 1919 Sonnenberg II<\/a> &#8211; FV Biebrich 02 II 5:5<\/td><td>09:30 Uhr<\/td><\/tr><tr><td>Di. 13. 06. 2023<\/td><td><a href=\"https:\/\/fvdelkenheim.de\/\">FV 1949 Delkenheim<\/a> &#8211; FV Biebrich 02 II 1:3<\/td><td>17:30 Uhr<\/td><\/tr><\/tbody><\/table><\/figure>\n<\/div>\n<\/div>\n\n\n\n<p>Hinweis: Um eine schnellstm\u00f6gliche Information \u00fcber Spielergebnisse und Tabellenst\u00e4nde gew\u00e4hrleisten zu k\u00f6nnen, binden wir die sogenannten FUSSBALL.DE-Widgets auf unseren Seiten ein. Wir weisen Sie hiermit explizit auf den Einsatz dieser Widgets und die damit verbundenen \u2013&gt; <a href=\"http:\/\/www.fussball.de\/privacy\">Datenschutzbestimmungen<\/a>, insbesondere im Bereich \u201eWebtracking\u201c, von \u2013&gt; <a href=\"http:\/\/www.fussball.de\">FUSSBALL.DE<\/a> hin.<\/p>\n\n\n<div id=\"fubade-1-LUIU8\" class=\"include-fussball-de-widgets\">\n\t<iframe src='\/\/www.fussball.de\/widget2\/-\/schluessel\/02KSIG6GQ8000000VUM1DNP8VUOLUIU8\/target\/fubade-1-LUIU8\/caller\/biebrich02.de' width='100%' height='100%' scrolling='no' style='border: 1px solid #CECECE; overflow: hidden; min-height: 200px;'><\/iframe>\n<\/div>\n\n\n\n<p class=\"has-text-align-center\"><strong>Spielplan der F2-Junioren des FV Biebrich 02 &#8211; Kreisklasse Wiesbaden 2022, Herbstrunde Gruppe 5<\/strong><\/p>\n\n\n\n<figure class=\"wp-block-table is-style-stripes\"><table><tbody><tr><td>Datum<\/td><td>Spielpaarung<\/td><td>Ansto\u00df<\/td><\/tr><tr><td>Sa. 10. 09. 2022<\/td><td><a href=\"https:\/\/www.fc-naurod.de\/\">1. FC Naurod 1928 II <\/a>&#8211; FV Biebrich 02 II 0:10<\/td><td>09:00 Uhr<\/td><\/tr><tr><td>Sa. 17. 09. 2022<\/td><td>FV Biebrich 02 II &#8211; <a href=\"https:\/\/www.spvgg-igstadt.de\/\">Spvgg Igstadt 1948 II<\/a> *<\/td><td>10:00 Uhr<\/td><\/tr><tr><td>Sa. 24. 09. 2022<\/td><td>Der FV Biebrich 02 II ist spielfrei.<\/td><td> <\/td><\/tr><tr><td>Sa. 08. 10. 2022<\/td><td>FV Biebrich 02 II &#8211; <a href=\"https:\/\/www.schierstein08.de\/\">1. FSV Schierstein 08 II<\/a> 6:3<\/td><td>10:00 Uhr<\/td><\/tr><tr><td>Sa. 15. 10. 2022<\/td><td><a href=\"https:\/\/www.vfr-wiesbaden.de\/\">VfR Wiesbaden II<\/a> &#8211; FV Biebrich 02 II 0:14<\/td><td>09:00 Uhr<\/td><\/tr><tr><td>Sa. 05. 11. 2022<\/td><td>FV Biebrich 02 II &#8211; <a href=\"https:\/\/blaugelb-wiesbaden.de\/\">SV Blau-Gelb Wiesbaden II<\/a> 11:2<\/td><td>10: 00 Uhr<\/td><\/tr><tr><td>Sa. 12. 11. 2022<\/td><td>FV Biebrich 02 II &#8211;  <a href=\"https:\/\/www.fc34.de\/\">FC 1934 Bierstadt II<\/a> 1:3<\/td><td>10:00 Uhr<\/td><\/tr><tr><td>Sa. 19. 11. 2022<\/td><td><a href=\"https:\/\/fsvhellas1968.com\/\">FSV Hellas Schierstein 1968 II<\/a> * &#8211; FV Biebrich 02 II<\/td><td>09:50 Uhr<\/td><\/tr><tr><td>Sa. 26. 11. 2022<\/td><td>SV Wiesbaden 1899 III &#8211; FV Biebrich 02 II 1:9<\/td><td>10:00 Uhr<\/td><\/tr><\/tbody><\/table><\/figure>\n\n\n\n<p>Hinweis: * die SpVgg Igstadt 1948 II und der FSV Hellas Schierstein 1968 II haben zur\u00fcckgezogen.<\/p>\n\n\n\n<p>Hinweis: Um eine schnellstm\u00f6gliche Information \u00fcber Spielergebnisse und Tabellenst\u00e4nde gew\u00e4hrleisten zu k\u00f6nnen, binden wir die sogenannten FUSSBALL.DE-Widgets auf unseren Seiten ein. Wir weisen Sie hiermit explizit auf den Einsatz dieser Widgets und die damit verbundenen \u2013&gt; <a href=\"http:\/\/www.fussball.de\/privacy\">Datenschutzbestimmungen<\/a>, insbesondere im Bereich \u201eWebtracking\u201c, von \u2013&gt; <a href=\"http:\/\/www.fussball.de\">FUSSBALL.DE<\/a> hin.<\/p>\n\n\n<div id=\"fubade-0-U8MRD\" class=\"include-fussball-de-widgets\">\n\t<iframe src='\/\/www.fussball.de\/widget2\/-\/schluessel\/02J0MBBUQC000000VUM1DNPIVSMU8MRD\/target\/fubade-0-U8MRD\/caller\/biebrich02.de' width='100%' height='100%' scrolling='no' style='border: 1px solid #CECECE; overflow: hidden; min-height: 200px;'><\/iframe>\n<\/div>\n","protected":false},"excerpt":{"rendered":"<p>F2-Junioren des FV Biebrich 02 &#8211; Archiv 2022\/23 \u2013&gt; Home | \u2013&gt; Unser Team |\u2013&gt; Galerie |\u2013&gt;Archiv Trainer: Frank Burneleit Trainer: H\u00fcsseyin Yanik Spielplan der F2-Junioren des FV Biebrich 02 \u2013 Kreisklasse Wiesbaden 2023, Fr\u00fchjahrsrunde Gruppe C Datum Spielpaarung Ansto\u00df Sa. 11. 03. 2023 FV Biebrich 02 II &#8211; TSG 1846 Kastel II 3:1 10:00 [&hellip;]<\/p>\n","protected":false},"author":1,"featured_media":0,"parent":0,"menu_order":0,"comment_status":"closed","ping_status":"closed","template":"","meta":{"footnotes":""},"class_list":["post-14415","page","type-page","status-publish","hentry"],"_links":{"self":[{"href":"https:\/\/biebrich02.de\/portal\/index.php?rest_route=\/wp\/v2\/pages\/14415","targetHints":{"allow":["GET"]}}],"collection":[{"href":"https:\/\/biebrich02.de\/portal\/index.php?rest_route=\/wp\/v2\/pages"}],"about":[{"href":"https:\/\/biebrich02.de\/portal\/index.php?rest_route=\/wp\/v2\/types\/page"}],"author":[{"embeddable":true,"href":"https:\/\/biebrich02.de\/portal\/index.php?rest_route=\/wp\/v2\/users\/1"}],"replies":[{"embeddable":true,"href":"https:\/\/biebrich02.de\/portal\/index.php?rest_route=%2Fwp%2Fv2%2Fcomments&post=14415"}],"version-history":[{"count":3,"href":"https:\/\/biebrich02.de\/portal\/index.php?rest_route=\/wp\/v2\/pages\/14415\/revisions"}],"predecessor-version":[{"id":15274,"href":"https:\/\/biebrich02.de\/portal\/index.php?rest_route=\/wp\/v2\/pages\/14415\/revisions\/15274"}],"wp:attachment":[{"href":"https:\/\/biebrich02.de\/portal\/index.php?rest_route=%2Fwp%2Fv2%2Fmedia&parent=14415"}],"curies":[{"name":"wp","href":"https:\/\/api.w.org\/{rel}","templated":true}]}}