{"id":15133,"date":"2023-08-05T02:02:40","date_gmt":"2023-08-05T00:02:40","guid":{"rendered":"https:\/\/biebrich02.de\/portal\/?page_id=15133"},"modified":"2025-06-08T02:50:54","modified_gmt":"2025-06-08T00:50:54","slug":"tabellen-2022-23","status":"publish","type":"page","link":"https:\/\/biebrich02.de\/portal\/?page_id=15133","title":{"rendered":"Tabellen 2022\/23"},"content":{"rendered":"\n<p class=\"has-text-align-center\"><strong>Tabellen 2022\/23<\/strong><\/p>\n\n\n\n<p>Hinweis: Um eine schnellstm\u00f6gliche Information \u00fcber Spielergebnisse und Tabellenst\u00e4nde gew\u00e4hrleisten zu k\u00f6nnen, binden wir die sogenannten FUSSBALL.DE-Widgets auf unseren Seiten ein. Wir weisen Sie hiermit explizit auf den Einsatz dieser Widgets und die damit verbundenen \u2013&gt; <a href=\"http:\/\/www.fussball.de\/privacy\">Datenschutzbestimmungen<\/a>, insbesondere im Bereich \u201eWebtracking\u201c, von \u2013&gt; <a href=\"http:\/\/www.fussball.de\">FUSSBALL.DE<\/a> hin.<\/p>\n\n\n\n<p class=\"has-text-align-center\"><strong>Spielplan des FV Biebrich 02 \u2013 Verbandsliga Hessen Mitte 2022\/23<\/strong><\/p>\n\n\n<div id=\"fubade-13-MH9FO\" class=\"include-fussball-de-widgets\">\n\t<iframe src='\/\/www.fussball.de\/widget2\/-\/schluessel\/02IO0CHP3C000000VUM1DNPOVUJMH9FO\/target\/fubade-13-MH9FO\/caller\/biebrich02.de' width='100%' height='100%' scrolling='no' style='border: 1px solid #CECECE; overflow: hidden; min-height: 200px;'><\/iframe>\n<\/div>\n\n\n\n<p class=\"has-text-align-center\"><strong>Spielplan des FV Biebrich 02 II \u2013 Kreisoberliga Wiesbaden 2022\/23<\/strong><\/p>\n\n\n<div id=\"fubade-14-5MOQV\" class=\"include-fussball-de-widgets\">\n\t<iframe src='\/\/www.fussball.de\/widget2\/-\/schluessel\/02ISDC63QG000000VUM1DNPQVTG5MOQV\/target\/fubade-14-5MOQV\/caller\/biebrich02.de' width='100%' height='100%' scrolling='no' style='border: 1px solid #CECECE; overflow: hidden; min-height: 200px;'><\/iframe>\n<\/div>\n\n\n\n<p class=\"has-text-align-center\"><strong>Spielplan der A1-Junioren des FV Biebrich 02 \u2013 Hessenliga 2022\/23<\/strong><\/p>\n\n\n<div id=\"fubade-15-6KG7H\" class=\"include-fussball-de-widgets\">\n\t<iframe src='\/\/www.fussball.de\/widget2\/-\/schluessel\/02ISPM5CU4000000VUM1DNO6VTU6KG7H\/target\/fubade-15-6KG7H\/caller\/biebrich02.de' width='100%' height='100%' scrolling='no' style='border: 1px solid #CECECE; overflow: hidden; min-height: 200px;'><\/iframe>\n<\/div>\n\n\n\n<p class=\"has-text-align-center\"><strong>Spielplan der A2-Junioren des FV Biebrich 02 \u2013 Gruppenliga Wiesbaden 2022\/23<\/strong><\/p>\n\n\n<div id=\"fubade-3-6KG7H\" class=\"include-fussball-de-widgets\">\n\t<iframe src='\/\/www.fussball.de\/widget2\/-\/schluessel\/02ISORT1UK000000VUM1DNO6VTU6KG7H\/target\/fubade-3-6KG7H\/caller\/biebrich02.de' width='100%' height='100%' scrolling='no' style='border: 1px solid #CECECE; overflow: hidden; min-height: 200px;'><\/iframe>\n<\/div>\n\n\n\n<p class=\"has-text-align-center\"><strong>Spielplan der B1-Junioren des FV Biebrich 02 \u2013 Abstiegsrunde Hessenliga 2022\/23<\/strong><\/p>\n\n\n<div id=\"fubade-17-PQR63\" class=\"include-fussball-de-widgets\">\n\t<iframe src='\/\/www.fussball.de\/widget2\/-\/schluessel\/02L7453P5K000000VUM1DNPAVSIPQR63\/target\/fubade-17-PQR63\/caller\/biebrich02.de' width='100%' height='100%' scrolling='no' style='border: 1px solid #CECECE; overflow: hidden; min-height: 200px;'><\/iframe>\n<\/div>\n\n\n\n<p class=\"has-text-align-center\"><strong>Spielplan der B1-Junioren des FV Biebrich 02 \u2013 Hessenliga 2022\/23<\/strong><\/p>\n\n\n<div id=\"fubade-5-HCIJO\" class=\"include-fussball-de-widgets\">\n\t<iframe src='\/\/www.fussball.de\/widget2\/-\/schluessel\/02IOI2BP6O000000VUM1DNPBVTEHCIJO\/target\/fubade-5-HCIJO\/caller\/biebrich02.de' width='100%' height='100%' scrolling='no' style='border: 1px solid #CECECE; overflow: hidden; min-height: 200px;'><\/iframe>\n<\/div>\n\n\n\n<p class=\"has-text-align-center\"><strong>Spielplan der B2-Junioren des FV Biebrich 02 \u2013 Gruppenliga Wiesbaden 2022\/23<\/strong><\/p>\n\n\n<div id=\"fubade-6-MMDVF\" class=\"include-fussball-de-widgets\">\n\t<iframe src='\/\/www.fussball.de\/widget2\/-\/schluessel\/02IQ2HORNO000000VUM1DNPDVV9MMDVF\/target\/fubade-6-MMDVF\/caller\/biebrich02.de' width='100%' height='100%' scrolling='no' style='border: 1px solid #CECECE; overflow: hidden; min-height: 200px;'><\/iframe>\n<\/div>\n\n\n\n<p class=\"has-text-align-center\"><strong>Spielplan der C1-Junioren des FV Biebrich 02 &#8211; Abstiegsrunde Hessenliga 2022\/23<\/strong><\/p>\n\n\n<div id=\"fubade-16-OITJS\" class=\"include-fussball-de-widgets\">\n\t<iframe src='\/\/www.fussball.de\/widget2\/-\/schluessel\/02L5HTLCHC000000VUM1DNO5VT0OITJS\/target\/fubade-16-OITJS\/caller\/biebrich02.de' width='100%' height='100%' scrolling='no' style='border: 1px solid #CECECE; overflow: hidden; min-height: 200px;'><\/iframe>\n<\/div>\n\n\n\n<p class=\"has-text-align-center\"><strong>Spielplan der C1-Junioren des FV Biebrich 02 \u2013 Hessenliga 2022\/23<\/strong><\/p>\n\n\n<div id=\"fubade-15-NSHQP\" class=\"include-fussball-de-widgets\">\n\t<iframe src='\/\/www.fussball.de\/widget2\/-\/schluessel\/02J5OPH9JG000000VUM1DNOPVS9NSHQP\/target\/fubade-15-NSHQP\/caller\/biebrich02.de' width='100%' height='100%' scrolling='no' style='border: 1px solid #CECECE; overflow: hidden; min-height: 200px;'><\/iframe>\n<\/div>\n\n\n\n<p class=\"has-text-align-center\"><strong>Spielplan der C2-Junioren des FV Biebrich 02 \u2013 Kreisliga Wiesbaden 2022\/23<\/strong><\/p>\n\n\n<div id=\"fubade-8-6KG7H\" class=\"include-fussball-de-widgets\">\n\t<iframe src='\/\/www.fussball.de\/widget2\/-\/schluessel\/02J0JJEKB8000000VUM1DNO6VTU6KG7H\/target\/fubade-8-6KG7H\/caller\/biebrich02.de' width='100%' height='100%' scrolling='no' style='border: 1px solid #CECECE; overflow: hidden; min-height: 200px;'><\/iframe>\n<\/div>\n\n\n\n<p class=\"has-text-align-center\"><strong>Spielplan der C3-Junioren des FV Biebrich 02 &#8211; Kreisklasse Wiesbaden 2022\/23, Gruppe 2<\/strong><\/p>\n\n\n<div id=\"fubade-16-EI4T2\" class=\"include-fussball-de-widgets\">\n\t<iframe src='\/\/www.fussball.de\/widget2\/-\/schluessel\/02J0JKI6F4000000VUM1DNQ2VV8EI4T2\/target\/fubade-16-EI4T2\/caller\/biebrich02.de' width='100%' height='100%' scrolling='no' style='border: 1px solid #CECECE; overflow: hidden; min-height: 200px;'><\/iframe>\n<\/div>\n\n\n\n<p class=\"has-text-align-center\"><strong>Spielplan der D1-Junioren des FV Biebrich 02 \u2013 Gruppenliga Wiesbaden 2022\/23<\/strong><\/p>\n\n\n<div id=\"fubade-11-6KG7H\" class=\"include-fussball-de-widgets\">\n\t<iframe src='\/\/www.fussball.de\/widget2\/-\/schluessel\/02IQ4EEAU4000000VUM1DNO6VTU6KG7H\/target\/fubade-11-6KG7H\/caller\/biebrich02.de' width='100%' height='100%' scrolling='no' style='border: 1px solid #CECECE; overflow: hidden; min-height: 200px;'><\/iframe>\n<\/div>\n\n\n\n<p class=\"has-text-align-center\"> <strong>Spielplan der D2-Junioren des FV Biebrich 02\u2013 Kreisliga Wiesbaden 2022\/23,Gruppe 2<\/strong> <\/p>\n\n\n<div id=\"fubade-10-C73IF\" class=\"include-fussball-de-widgets\">\n\t<iframe src='\/\/www.fussball.de\/widget2\/-\/schluessel\/02J0L32C9G000000VUM1DNPAVTCC73IF\/target\/fubade-10-C73IF\/caller\/biebrich02.de' width='100%' height='100%' scrolling='no' style='border: 1px solid #CECECE; overflow: hidden; min-height: 200px;'><\/iframe>\n<\/div>\n\n\n\n<p class=\"has-text-align-center\"><strong>Spielplan der D3-Junioren des FV Biebrich 02 \u2013 Kreisklasse Wiesbaden 2022\/23<\/strong>, <strong>Gruppe 2<\/strong><\/p>\n\n\n<div id=\"fubade-11-4V7HM\" class=\"include-fussball-de-widgets\">\n\t<iframe src='\/\/www.fussball.de\/widget2\/-\/schluessel\/02J0LIBLQK000000VUM1DNQ7VSU4V7HM\/target\/fubade-11-4V7HM\/caller\/biebrich02.de' width='100%' height='100%' scrolling='no' style='border: 1px solid #CECECE; overflow: hidden; min-height: 200px;'><\/iframe>\n<\/div>\n\n\n\n<p class=\"has-text-align-center\"><strong>Spielplan der D4-Junioren des FV Biebrich 02 \u2013 Kreisklasse Wiesbaden 2022\/23<\/strong>, <strong>Gruppe 3<\/strong><\/p>\n\n\n<div id=\"fubade-16-U8MRD\" class=\"include-fussball-de-widgets\">\n\t<iframe src='\/\/www.fussball.de\/widget2\/-\/schluessel\/02J0LQELSS000000VUM1DNPIVSMU8MRD\/target\/fubade-16-U8MRD\/caller\/biebrich02.de' width='100%' height='100%' scrolling='no' style='border: 1px solid #CECECE; overflow: hidden; min-height: 200px;'><\/iframe>\n<\/div>\n\n\n\n<p class=\"has-text-align-center\"><strong>Spielplan der E1-Junioren des FV Biebrich 02 \u2013 Kreisliga Wiesbaden 2022\/23, Gruppe 2<\/strong><\/p>\n\n\n<div id=\"fubade-12-H9NMQ\" class=\"include-fussball-de-widgets\">\n\t<iframe src='\/\/www.fussball.de\/widget2\/-\/schluessel\/02J0AO2O1C000000VUM1DNOMVVGH9NMQ\/target\/fubade-12-H9NMQ\/caller\/biebrich02.de' width='100%' height='100%' scrolling='no' style='border: 1px solid #CECECE; overflow: hidden; min-height: 200px;'><\/iframe>\n<\/div>\n\n\n\n<p class=\"has-text-align-center\"><strong>Spielplan der E2-Junioren des FV Biebrich 02 \u2013 Kreisklasse Wiesbaden 2022\/23<\/strong>, <strong>Gruppe 2<\/strong><\/p>\n\n\n<div id=\"fubade-13-H9NMQ\" class=\"include-fussball-de-widgets\">\n\t<iframe src='\/\/www.fussball.de\/widget2\/-\/schluessel\/02J0APOVC4000000VUM1DNOMVVGH9NMQ\/target\/fubade-13-H9NMQ\/caller\/biebrich02.de' width='100%' height='100%' scrolling='no' style='border: 1px solid #CECECE; overflow: hidden; min-height: 200px;'><\/iframe>\n<\/div>\n\n\n\n<p class=\"has-text-align-center\"><strong>Spielplan der E3-Junioren des FV Biebrich 02 \u2013 Kreisklasse Wiesbaden 2022\/23, Gruppe 3<\/strong><\/p>\n\n\n<div id=\"fubade-14-NSHQP\" class=\"include-fussball-de-widgets\">\n\t<iframe src='\/\/www.fussball.de\/widget2\/-\/schluessel\/02J0AQP51C000000VUM1DNOPVS9NSHQP\/target\/fubade-14-NSHQP\/caller\/biebrich02.de' width='100%' height='100%' scrolling='no' style='border: 1px solid #CECECE; overflow: hidden; min-height: 200px;'><\/iframe>\n<\/div>\n\n\n\n<p class=\"has-text-align-center\"> Tabellen der F- und G-Junioren werden nicht ver\u00f6ffentlicht.<\/p>\n\n\n\n<p class=\"has-text-align-center\"><a href=\"https:\/\/biebrich02.de\/portal\/?page_id=8182\">Tabellen 2021\/22<\/a><\/p>\n\n\n\n<p class=\"has-text-align-center\"><a href=\"https:\/\/biebrich02.de\/portal\/?page_id=15133\">Tabellen 2022\/23<\/a><\/p>\n\n\n\n<p class=\"has-text-align-center\"><a href=\"https:\/\/biebrich02.de\/portal\/?page_id=17922\" data-type=\"link\" data-id=\"https:\/\/biebrich02.de\/portal\/?page_id=17922\">Tabellen 2023\/24<\/a><\/p>\n\n\n\n<p class=\"has-text-align-center\"><a href=\"https:\/\/biebrich02.de\/portal\/?page_id=261\" data-type=\"link\" data-id=\"https:\/\/biebrich02.de\/portal\/?page_id=261\">Tabellen 2024\/25<\/a><\/p>\n","protected":false},"excerpt":{"rendered":"<p>Tabellen 2022\/23 Hinweis: Um eine schnellstm\u00f6gliche Information \u00fcber Spielergebnisse und Tabellenst\u00e4nde gew\u00e4hrleisten zu k\u00f6nnen, binden wir die sogenannten FUSSBALL.DE-Widgets auf unseren Seiten ein. Wir weisen Sie hiermit explizit auf den Einsatz dieser Widgets und die damit verbundenen \u2013&gt; Datenschutzbestimmungen, insbesondere im Bereich \u201eWebtracking\u201c, von \u2013&gt; FUSSBALL.DE hin. Spielplan des FV Biebrich 02 \u2013 Verbandsliga Hessen [&hellip;]<\/p>\n","protected":false},"author":1,"featured_media":0,"parent":0,"menu_order":0,"comment_status":"closed","ping_status":"closed","template":"","meta":{"footnotes":""},"class_list":["post-15133","page","type-page","status-publish","hentry"],"_links":{"self":[{"href":"https:\/\/biebrich02.de\/portal\/index.php?rest_route=\/wp\/v2\/pages\/15133","targetHints":{"allow":["GET"]}}],"collection":[{"href":"https:\/\/biebrich02.de\/portal\/index.php?rest_route=\/wp\/v2\/pages"}],"about":[{"href":"https:\/\/biebrich02.de\/portal\/index.php?rest_route=\/wp\/v2\/types\/page"}],"author":[{"embeddable":true,"href":"https:\/\/biebrich02.de\/portal\/index.php?rest_route=\/wp\/v2\/users\/1"}],"replies":[{"embeddable":true,"href":"https:\/\/biebrich02.de\/portal\/index.php?rest_route=%2Fwp%2Fv2%2Fcomments&post=15133"}],"version-history":[{"count":6,"href":"https:\/\/biebrich02.de\/portal\/index.php?rest_route=\/wp\/v2\/pages\/15133\/revisions"}],"predecessor-version":[{"id":20669,"href":"https:\/\/biebrich02.de\/portal\/index.php?rest_route=\/wp\/v2\/pages\/15133\/revisions\/20669"}],"wp:attachment":[{"href":"https:\/\/biebrich02.de\/portal\/index.php?rest_route=%2Fwp%2Fv2%2Fmedia&parent=15133"}],"curies":[{"name":"wp","href":"https:\/\/api.w.org\/{rel}","templated":true}]}}