{"id":17559,"date":"2024-06-29T15:14:27","date_gmt":"2024-06-29T13:14:27","guid":{"rendered":"https:\/\/biebrich02.de\/portal\/?page_id=17559"},"modified":"2025-06-19T02:12:20","modified_gmt":"2025-06-19T00:12:20","slug":"d3-junioren-archiv-20234-24","status":"publish","type":"page","link":"https:\/\/biebrich02.de\/portal\/?page_id=17559","title":{"rendered":"D3-Junioren Archiv 20234\/24"},"content":{"rendered":"\n<p class=\"has-text-align-center\"><strong>D3-Junioren des FV Biebrich 02 &#8211; Archiv 2023\/24<\/strong><\/p>\n\n\n\n<p class=\"has-text-align-center\"><strong>Kreisklasse Wiesbaden 2023\/24, Gruppe 3<\/strong><\/p>\n\n\n\n<p class=\"has-text-align-center\">\u2013&gt; <a href=\"https:\/\/biebrich02.de\/portal\/?page_id=209\">Home<\/a> | \u2013&gt; <a href=\"https:\/\/biebrich02.de\/portal\/?page_id=1390\">Unser Team<\/a> | \u2013&gt; <a href=\"https:\/\/biebrich02.de\/portal\/?page_id=1306\">Galerie<\/a> | \u2013&gt; <a href=\"https:\/\/biebrich02.de\/portal\/?page_id=2472\">DFB-Net Tabellenarchiv<\/a> | \u2013&gt; <a href=\"https:\/\/biebrich02.de\/portal\/?page_id=7649\">Archiv<\/a><\/p>\n\n\n\n<figure class=\"wp-block-image size-full\"><a href=\"https:\/\/biebrich02.de\/portal\/wp-content\/uploads\/2023\/04\/grafik.png\"><img loading=\"lazy\" decoding=\"async\" width=\"1000\" height=\"667\" src=\"https:\/\/biebrich02.de\/portal\/wp-content\/uploads\/2023\/04\/grafik.png\" alt=\"\" class=\"wp-image-12594\" srcset=\"https:\/\/biebrich02.de\/portal\/wp-content\/uploads\/2023\/04\/grafik.png 1000w, https:\/\/biebrich02.de\/portal\/wp-content\/uploads\/2023\/04\/grafik-300x200.png 300w, https:\/\/biebrich02.de\/portal\/wp-content\/uploads\/2023\/04\/grafik-768x512.png 768w, https:\/\/biebrich02.de\/portal\/wp-content\/uploads\/2023\/04\/grafik-624x416.png 624w\" sizes=\"auto, (max-width: 1000px) 100vw, 1000px\" \/><\/a><\/figure>\n\n\n\n<p class=\"has-text-align-center\">Trainer: Andreas Sauer<\/p>\n\n\n\n<figure class=\"wp-block-image size-full\"><a href=\"https:\/\/biebrich02.de\/portal\/wp-content\/uploads\/2023\/04\/grafik-1.png\"><img loading=\"lazy\" decoding=\"async\" width=\"1000\" height=\"667\" src=\"https:\/\/biebrich02.de\/portal\/wp-content\/uploads\/2023\/04\/grafik-1.png\" alt=\"\" class=\"wp-image-12595\" srcset=\"https:\/\/biebrich02.de\/portal\/wp-content\/uploads\/2023\/04\/grafik-1.png 1000w, https:\/\/biebrich02.de\/portal\/wp-content\/uploads\/2023\/04\/grafik-1-300x200.png 300w, https:\/\/biebrich02.de\/portal\/wp-content\/uploads\/2023\/04\/grafik-1-768x512.png 768w, https:\/\/biebrich02.de\/portal\/wp-content\/uploads\/2023\/04\/grafik-1-624x416.png 624w\" sizes=\"auto, (max-width: 1000px) 100vw, 1000px\" \/><\/a><\/figure>\n\n\n\n<p class=\"has-text-align-center\">Trainerin: Carola Hautmann<\/p>\n\n\n\n<p class=\"has-text-align-center\"><strong>Spielplan der D3-Junioren des FV Biebrich 02 &#8211; Kreisklasse Wiesbaden 2023\/24, Gruppe 3<\/strong><\/p>\n\n\n\n<figure class=\"wp-block-table is-style-stripes\"><table><tbody><tr><td> Datum<\/td><td>Spielpaarung<\/td><td> Ansto\u00df<\/td><\/tr><tr><td> Sa. 09. 09. 2023<\/td><td>FV Biebrich 02 III &#8211; <a href=\"https:\/\/www.schierstein08.de\/\" data-type=\"link\" data-id=\"https:\/\/www.schierstein08.de\/\">1. FSV Schierstein 08 II<\/a> 1:5<\/td><td> 10:00 Uhr<\/td><\/tr><tr><td> Sa. 16. 09. 2023<\/td><td><a href=\"https:\/\/www.tus-dotzheim.de\/\" data-type=\"link\" data-id=\"https:\/\/www.tus-dotzheim.de\/\">TuS Dotzheim 1848 II<\/a> &#8211; FV Biebrich 02 III 4:3<\/td><td> 13:45 Uhr<\/td><\/tr><tr><td> Sa. 23. 09. 2023<\/td><td>FV Biebrich 02 III &#8211; <a href=\"https:\/\/www.fc-naurod.de\/\" data-type=\"link\" data-id=\"https:\/\/www.fc-naurod.de\/\">1. FC Naurod<\/a> 1:9<\/td><td> 10:00 Uhr<\/td><\/tr><tr><td> Sa. 07. 10. 2023<\/td><td><a href=\"https:\/\/www.tb-rambach.de\/\" data-type=\"link\" data-id=\"https:\/\/www.tb-rambach.de\/\">SC Tennis-Borussia Rambach 1977<\/a> &#8211; FV Biebrich 02 III 4:3<\/td><td> 10:30 Uhr<\/td><\/tr><tr><td> Sa. 14. 10. 2023<\/td><td>FV Biebrich 02 III &#8211; <a href=\"http:\/\/www.fc-nord.de\/\" data-type=\"link\" data-id=\"www.fc-nord.de\/\">1. FC Nord Wiesbaden<\/a> 3:0 *<\/td><td> 10:00 Uhr<\/td><\/tr><tr><td> So. 05. 11. 2023<\/td><td><a href=\"https:\/\/www.vfr-wiesbaden.de\/\">VfR Wiesbaden III<\/a> &#8211; FV Biebrich 02 III 9:1<\/td><td> 10:00 Uhr<\/td><\/tr><tr><td> Sa. 11. 11. 2023<\/td><td>FV Biebrich 02 III &#8211; <a href=\"https:\/\/www.sc-klarenthal.de\/\">DJK 1. SC Klarenthal 1968<\/a> 1:3<\/td><td> 10:00 Uhr<\/td><\/tr><tr><td> So. 19 11. 2023<\/td><td>FV Biebrich 02 III &#8211; <a href=\"https:\/\/www.sc-klarenthal.de\/\">DJK 1. SC Klarenthal 1968 III<\/a> 2:4<\/td><td> 15:00 Uhr<\/td><\/tr><tr><td> Sa. 25. 11. 2023<\/td><td>Der FV Biebrich 02 III ist spielfrei.<\/td><td><\/td><\/tr><tr><td> Sa. 24. 02. 2024<\/td><td><a href=\"https:\/\/www.schierstein08.de\/\" data-type=\"link\" data-id=\"https:\/\/www.schierstein08.de\/\">1. FSV Schierstein 08 II<\/a> &#8211; FV Biebrich 02 III 1:2<\/td><td> 11:45 Uhr<\/td><\/tr><tr><td> Sa. 02. 03. 2024<\/td><td>FV Biebrich 02 III &#8211; <a href=\"https:\/\/www.tus-dotzheim.de\/\" data-type=\"link\" data-id=\"https:\/\/www.tus-dotzheim.de\/\">TuS Dotzheim 1848 II<\/a> 3:1<\/td><td> 10:00 Uhr<\/td><\/tr><tr><td> Sa. 09. 03. 2024<\/td><td><a href=\"https:\/\/www.fc-naurod.de\/\">1. FC Naurod<\/a> &#8211; FV Biebrich 02 III 5:2<\/td><td> 11:45 Uhr<\/td><\/tr><tr><td> Sa. 16. 03. 2024<\/td><td>FV Biebrich 02 III &#8211; <a href=\"https:\/\/www.tb-rambach.de\/\" data-type=\"link\" data-id=\"https:\/\/www.tb-rambach.de\/\">SC Tennis-Borussia Rambach 1977<\/a> 2:9<\/td><td> 10:00 Uhr<\/td><\/tr><tr><td> Sa. 20. 04. 2024<\/td><td><a href=\"http:\/\/www.fc-nord.de\/\" data-type=\"link\" data-id=\"www.fc-nord.de\/\">1. FC Nord Wiesbaden<\/a> &#8211; FV Biebrich 02 III 0:3 *<\/td><td> 12:30 Uhr<\/td><\/tr><tr><td> Sa. 27. 04. 2024<\/td><td>FV Biebrich 02 III &#8211; <a href=\"https:\/\/www.vfr-wiesbaden.de\/\">VfR Wiesbaden III<\/a> 3:6<\/td><td> 10:00 Uhr<\/td><\/tr><tr><td> Sa. 04. 05. 2024<\/td><td><a href=\"https:\/\/www.sc-klarenthal.de\/\">DJK 1. SC Klarenthal 1968<\/a> &#8211; FV Biebrich 02 III 6:0<\/td><td> 14:30 Uhr<\/td><\/tr><tr><td> Sa. 25. 05. 2024<\/td><td><a href=\"https:\/\/www.sc-klarenthal.de\/\">DJK 1. SC Klarenthal 1968 III<\/a> &#8211; FV Biebrich 02 III 5:0<\/td><td> 11:45 Uhr<\/td><\/tr><tr><td> Sa. 01. 06. 2024<\/td><td>Der FV Biebrich 02 III ist spielfrei.<\/td><td><\/td><\/tr><\/tbody><\/table><\/figure>\n\n\n\n<p class=\"has-text-align-center\">Hinweis: * Wertung; der 1. FC Nord Wiesbaden hat zur\u00fcckgezogen.<\/p>\n\n\n\n<p>Hinweis: Um eine schnellstm\u00f6gliche Information \u00fcber Spielergebnisse und Tabellenst\u00e4nde gew\u00e4hrleisten zu k\u00f6nnen, binden wir die sogenannten FUSSBALL.DE-Widgets auf unseren Seiten ein. Wir weisen Sie hiermit explizit auf den Einsatz dieser Widgets und die damit verbundenen \u2013&gt; <a href=\"http:\/\/www.fussball.de\/privacy\">Datenschutzbestimmungen<\/a>, insbesondere im Bereich \u201eWebtracking\u201c, von \u2013&gt; <a href=\"http:\/\/www.fussball.de\">FUSSBALL.DE<\/a> hin.<\/p>\n\n\n<div id=\"fubade-0-A4MU9\" class=\"include-fussball-de-widgets\">\n\t<iframe src='\/\/www.fussball.de\/widget2\/-\/schluessel\/02MSHDM3V8000000VUM1DNQQVVUA4MU9\/target\/fubade-0-A4MU9\/caller\/biebrich02.de' width='100%' height='100%' scrolling='no' style='border: 1px solid #CECECE; overflow: hidden; min-height: 200px;'><\/iframe>\n<\/div>\n","protected":false},"excerpt":{"rendered":"<p>D3-Junioren des FV Biebrich 02 &#8211; Archiv 2023\/24 Kreisklasse Wiesbaden 2023\/24, Gruppe 3 \u2013&gt; Home | \u2013&gt; Unser Team | \u2013&gt; Galerie | \u2013&gt; DFB-Net Tabellenarchiv | \u2013&gt; Archiv Trainer: Andreas Sauer Trainerin: Carola Hautmann Spielplan der D3-Junioren des FV Biebrich 02 &#8211; Kreisklasse Wiesbaden 2023\/24, Gruppe 3 Datum Spielpaarung Ansto\u00df Sa. 09. 09. 2023 [&hellip;]<\/p>\n","protected":false},"author":1,"featured_media":0,"parent":0,"menu_order":0,"comment_status":"closed","ping_status":"closed","template":"","meta":{"footnotes":""},"class_list":["post-17559","page","type-page","status-publish","hentry"],"_links":{"self":[{"href":"https:\/\/biebrich02.de\/portal\/index.php?rest_route=\/wp\/v2\/pages\/17559","targetHints":{"allow":["GET"]}}],"collection":[{"href":"https:\/\/biebrich02.de\/portal\/index.php?rest_route=\/wp\/v2\/pages"}],"about":[{"href":"https:\/\/biebrich02.de\/portal\/index.php?rest_route=\/wp\/v2\/types\/page"}],"author":[{"embeddable":true,"href":"https:\/\/biebrich02.de\/portal\/index.php?rest_route=\/wp\/v2\/users\/1"}],"replies":[{"embeddable":true,"href":"https:\/\/biebrich02.de\/portal\/index.php?rest_route=%2Fwp%2Fv2%2Fcomments&post=17559"}],"version-history":[{"count":3,"href":"https:\/\/biebrich02.de\/portal\/index.php?rest_route=\/wp\/v2\/pages\/17559\/revisions"}],"predecessor-version":[{"id":20817,"href":"https:\/\/biebrich02.de\/portal\/index.php?rest_route=\/wp\/v2\/pages\/17559\/revisions\/20817"}],"wp:attachment":[{"href":"https:\/\/biebrich02.de\/portal\/index.php?rest_route=%2Fwp%2Fv2%2Fmedia&parent=17559"}],"curies":[{"name":"wp","href":"https:\/\/api.w.org\/{rel}","templated":true}]}}