{"id":20509,"date":"2025-05-30T03:31:41","date_gmt":"2025-05-30T01:31:41","guid":{"rendered":"https:\/\/biebrich02.de\/portal\/?page_id=20509"},"modified":"2025-06-19T02:12:57","modified_gmt":"2025-06-19T00:12:57","slug":"d3-junioren-archiv-2024-25","status":"publish","type":"page","link":"https:\/\/biebrich02.de\/portal\/?page_id=20509","title":{"rendered":"D3-Junioren Archiv 2024\/25"},"content":{"rendered":"\n<p class=\"has-text-align-center\"><strong>D3-Junioren Archiv des FV Biebrich 02 &#8211; Archiv 2024\/25<\/strong><\/p>\n\n\n\n<p class=\"has-text-align-center\"><strong>Kreisklasse Wiesbaden 2024\/25, Gruppe 3<\/strong><\/p>\n\n\n\n<p class=\"has-text-align-center\">&#8211;&gt; <a href=\"https:\/\/biebrich02.de\/portal\/?page_id=209\" data-type=\"link\" data-id=\"https:\/\/biebrich02.de\/portal\/?page_id=209\">Home<\/a> | &#8211;&gt; <a href=\"https:\/\/biebrich02.de\/portal\/?page_id=1390\">Unser Team<\/a> | &#8211;&gt; <a href=\"https:\/\/biebrich02.de\/portal\/?page_id=1306\">Galerie<\/a> | &#8211;&gt; <a href=\"https:\/\/biebrich02.de\/portal\/?page_id=2472\">DFB-Net Tabellenarchiv<\/a> | &#8211;&gt; <a href=\"https:\/\/biebrich02.de\/portal\/?page_id=7649\">Archiv<\/a><\/p>\n\n\n\n<figure class=\"wp-block-image size-full\"><a href=\"https:\/\/biebrich02.de\/portal\/wp-content\/uploads\/2023\/04\/grafik.png\"><img loading=\"lazy\" decoding=\"async\" width=\"1000\" height=\"667\" src=\"https:\/\/biebrich02.de\/portal\/wp-content\/uploads\/2023\/04\/grafik.png\" alt=\"\" class=\"wp-image-12594\" srcset=\"https:\/\/biebrich02.de\/portal\/wp-content\/uploads\/2023\/04\/grafik.png 1000w, https:\/\/biebrich02.de\/portal\/wp-content\/uploads\/2023\/04\/grafik-300x200.png 300w, https:\/\/biebrich02.de\/portal\/wp-content\/uploads\/2023\/04\/grafik-768x512.png 768w, https:\/\/biebrich02.de\/portal\/wp-content\/uploads\/2023\/04\/grafik-624x416.png 624w\" sizes=\"auto, (max-width: 1000px) 100vw, 1000px\" \/><\/a><\/figure>\n\n\n\n<p class=\"has-text-align-center\">Trainer: Andreas Sauer<\/p>\n\n\n\n<p class=\"has-text-align-center\"><strong>Spielplan der D3-Junioren des FV Biebrich 02 &#8211; Kreisklasse Wiesbaden 2024\/25, Gruppe 3<\/strong><\/p>\n\n\n\n<figure class=\"wp-block-table is-style-stripes\"><table><tbody><tr><td> Datum<\/td><td>Spielpaarung<\/td><td>Ansto\u00df<\/td><\/tr><tr><td>So. 15. 09. 2024<\/td><td><a href=\"https:\/\/www.vfr-wiesbaden.de\/\" data-type=\"link\" data-id=\"https:\/\/www.vfr-wiesbaden.de\/\">VfR Wiesbaden IV<\/a> &#8211; FV Biebrich 02 III 3:5<\/td><td>10:00 Uhr<\/td><\/tr><tr><td>So. 22. 09. 2024<\/td><td><a href=\"https:\/\/www.sg-germania-wiesbaden.de\/\" data-type=\"link\" data-id=\"https:\/\/www.sg-germania-wiesbaden.de\/\">SG Germania Wiesbaden 1903 III<\/a> &#8211; FV Biebrich 02 III 1:2<\/td><td>10:15 Uhr<\/td><\/tr><tr><td>Sa. 05. 10. 2024<\/td><td>FV Biebrich 02 III &#8211; <a href=\"https:\/\/www.fc34.de\/\" data-type=\"link\" data-id=\"https:\/\/www.fc34.de\/\">FC 1934 Bierstadt III<\/a> 5:1<\/td><td>12:00 Uhr<\/td><\/tr><tr><td>Di. 08. 10. 2024<\/td><td><a href=\"https:\/\/www.tus-dotzheim.de\/\" data-type=\"link\" data-id=\"https:\/\/www.tus-dotzheim.de\/\">TuS Dotzheim 1848 II<\/a> &#8211; FV Biebrich 02 III 5:2<\/td><td>18:00 Uhr<\/td><\/tr><tr><td>Sa. 12. 10. 2024<\/td><td>FV Biebrich 02 III &#8211; <a href=\"https:\/\/spvgg-amoeneburg.de\/\" data-type=\"link\" data-id=\"https:\/\/spvgg-amoeneburg.de\/\">SpVgg Am\u00f6neburg<\/a> 2:2<\/td><td>11:30 Uhr<\/td><\/tr><tr><td>Sa. 26. 10. 2024<\/td><td>FV Biebrich 02 III &#8211; <a href=\"https:\/\/www.tusnordenstadt.de\/\" data-type=\"link\" data-id=\"https:\/\/www.tusnordenstadt.de\/\">TuS Nordenstadt 1883 IV<\/a> 1:2<\/td><td>12:00 Uhr<\/td><\/tr><tr><td>Sa. 02. 11. 2024<\/td><td><a href=\"https:\/\/tsg-kastel.de\/\" data-type=\"link\" data-id=\"https:\/\/tsg-kastel.de\/\">TSG 1846 Kastel III<\/a> &#8211; FV Biebrich 02 III 5:1<\/td><td>12:30 Uhr<\/td><\/tr><tr><td>Sa. 09. 11. 2024<\/td><td><a href=\"https:\/\/www.fc-naurod.de\/\" data-type=\"link\" data-id=\"https:\/\/www.fc-naurod.de\/\">1. FC Naurod 1928<\/a> &#8211; FV Biebrich 02 III 4:0<\/td><td>12:15 Uhr<\/td><\/tr><tr><td>Sa. 16. 11. 2024<\/td><td><a href=\"https:\/\/www.sc-klarenthal.de\/\" data-type=\"link\" data-id=\"https:\/\/www.sc-klarenthal.de\/\">DJK 1. SC Klarenthal 1968 IV<\/a> &#8211; FV Biebrich 02 III 1:1<\/td><td>13:00 Uhr<\/td><\/tr><tr><td>Sa. 23. 11. 2024<\/td><td>FV Biebrich 02 III &#8211; <a href=\"https:\/\/svniedernhausen.de\/\" data-type=\"link\" data-id=\"https:\/\/svniedernhausen.de\/\">SV 1913 Niedernhausen II<\/a> 2:6<\/td><td>10:00 Uhr<\/td><\/tr><tr><td>Sa. 30. 11. 2024<\/td><td><a href=\"https:\/\/www.spvgg-sonnenberg.de\/\" data-type=\"link\" data-id=\"https:\/\/www.spvgg-sonnenberg.de\/\">SpVgg 1919 Sonnenberg III<\/a> &#8211; FV Biebrich 02 III 1:1<\/td><td>12:45 Uhr<\/td><\/tr><tr><td>Sa. 15. 02. 2025<\/td><td><a href=\"https:\/\/spvgg-amoeneburg.de\/\" data-type=\"link\" data-id=\"https:\/\/spvgg-amoeneburg.de\/\">SpVgg Am\u00f6neburg<\/a> &#8211; FV Biebrich 02 III 1:1<\/td><td>11:30 Uhr<\/td><\/tr><tr><td>Sa. 22. 02. 2025<\/td><td>FV Biebrich 02 III &#8211; <a href=\"https:\/\/tsg-kastel.de\/\" data-type=\"link\" data-id=\"https:\/\/tsg-kastel.de\/\">TSG 1846 Kastel III<\/a> 2:0<\/td><td>10:00 Uhr<\/td><\/tr><tr><td>Sa. 08. 03. 2025<\/td><td><a href=\"https:\/\/www.tusnordenstadt.de\/\" data-type=\"link\" data-id=\"https:\/\/www.tusnordenstadt.de\/\">TuS Nordenstadt 1883 IV<\/a> &#8211; FV Biebrich 02 III 3:1<\/td><td>13:30 Uhr<\/td><\/tr><tr><td>Sa. 15. 03. 2025<\/td><td>FV Biebrich 02 III &#8211; <a href=\"https:\/\/www.vfr-wiesbaden.de\/\" data-type=\"link\" data-id=\"https:\/\/www.vfr-wiesbaden.de\/\">VfR Wiesbaden IV<\/a> 2:1<\/td><td>10:00 Uhr<\/td><\/tr><tr><td>Sa. 22. 03. 2025<\/td><td>FV Biebrich 02 III &#8211; <a href=\"https:\/\/www.sg-germania-wiesbaden.de\/\" data-type=\"link\" data-id=\"https:\/\/www.sg-germania-wiesbaden.de\/\">SG Germania Wiesbaden 1903 III<\/a> 0:7 *<\/td><td>10:00 Uhr<\/td><\/tr><tr><td>Sa. 29. 03. 2025<\/td><td>FV Biebrich 02 III &#8211; <a href=\"https:\/\/www.tus-dotzheim.de\/\" data-type=\"link\" data-id=\"https:\/\/www.tus-dotzheim.de\/\">TuS Dotzheim 1848 II<\/a> 1:4<\/td><td>11:30 Uhr<\/td><\/tr><tr><td>So. 27. 04. 2025<\/td><td><a href=\"https:\/\/www.fc34.de\/\" data-type=\"link\" data-id=\"https:\/\/www.fc34.de\/\">FC 1934 Bierstadt III<\/a> &#8211; FV Biebrich 02 III 6:4<\/td><td>10:30 Uhr<\/td><\/tr><tr><td>Sa. 03. 05. 2025<\/td><td>FV Biebrich 02 III &#8211; <a href=\"https:\/\/www.fc-naurod.de\/\" data-type=\"link\" data-id=\"https:\/\/www.fc-naurod.de\/\">1. FC Naurod 1928<\/a> 1:4<\/td><td>10:00 Uhr<\/td><\/tr><tr><td>Sa. 10. 05. 2025<\/td><td>FV Biebrich 02 III &#8211; <a href=\"https:\/\/www.sc-klarenthal.de\/\" data-type=\"link\" data-id=\"https:\/\/www.sc-klarenthal.de\/\">DJK 1. SC Klarenthal 1968 IV<\/a> 0:1<\/td><td>10:00 Uhr<\/td><\/tr><tr><td>So. 18. 05. 2025<\/td><td><a href=\"https:\/\/svniedernhausen.de\/\" data-type=\"link\" data-id=\"https:\/\/svniedernhausen.de\/\">SV 1913 Niedernhausen II<\/a> &#8211; FV Biebrich 02 III 0:1<\/td><td>12:30 Uhr<\/td><\/tr><tr><td>Sa. 24. 05. 2025<\/td><td>FV Biebrich 02 III &#8211; <a href=\"https:\/\/www.spvgg-sonnenberg.de\/\" data-type=\"link\" data-id=\"https:\/\/www.spvgg-sonnenberg.de\/\">SpVgg 1919 Sonnenberg III<\/a> 2:4<\/td><td>15:00 Uhr<\/td><\/tr><\/tbody><\/table><\/figure>\n\n\n\n<p class=\"has-text-align-center\">Hinweis: * ohne Wertung.<\/p>\n\n\n\n<p>Hinweis: Um eine schnellstm\u00f6gliche Information \u00fcber Spielergebnisse und Tabellenst\u00e4nde gew\u00e4hrleisten zu k\u00f6nnen, binden wir die sogenannten FUSSBALL.DE-Widgets auf unseren Seiten ein. Wir weisen Sie hiermit explizit auf den Einsatz dieser Widgets und die damit verbundenen \u2013&gt; <a href=\"http:\/\/www.fussball.de\/privacy\">Datenschutzbestimmungen<\/a>, insbesondere im Bereich \u201eWebtracking\u201c, von \u2013&gt; <a href=\"http:\/\/www.fussball.de\">FUSSBALL.DE<\/a> hin.<\/p>\n\n\n\n<div\n  class=\"fussballde_widget\"\n  data-id=\"84c56ec3-ae1a-4c80-bc2e-3d772287ad91\"\n  data-type=\"competition\">\n<\/div>\n\n\n\n<p><\/p>\n","protected":false},"excerpt":{"rendered":"<p>D3-Junioren Archiv des FV Biebrich 02 &#8211; Archiv 2024\/25 Kreisklasse Wiesbaden 2024\/25, Gruppe 3 &#8211;&gt; Home | &#8211;&gt; Unser Team | &#8211;&gt; Galerie | &#8211;&gt; DFB-Net Tabellenarchiv | &#8211;&gt; Archiv Trainer: Andreas Sauer Spielplan der D3-Junioren des FV Biebrich 02 &#8211; Kreisklasse Wiesbaden 2024\/25, Gruppe 3 Datum Spielpaarung Ansto\u00df So. 15. 09. 2024 VfR Wiesbaden [&hellip;]<\/p>\n","protected":false},"author":1,"featured_media":0,"parent":0,"menu_order":0,"comment_status":"closed","ping_status":"closed","template":"","meta":{"footnotes":""},"class_list":["post-20509","page","type-page","status-publish","hentry"],"_links":{"self":[{"href":"https:\/\/biebrich02.de\/portal\/index.php?rest_route=\/wp\/v2\/pages\/20509","targetHints":{"allow":["GET"]}}],"collection":[{"href":"https:\/\/biebrich02.de\/portal\/index.php?rest_route=\/wp\/v2\/pages"}],"about":[{"href":"https:\/\/biebrich02.de\/portal\/index.php?rest_route=\/wp\/v2\/types\/page"}],"author":[{"embeddable":true,"href":"https:\/\/biebrich02.de\/portal\/index.php?rest_route=\/wp\/v2\/users\/1"}],"replies":[{"embeddable":true,"href":"https:\/\/biebrich02.de\/portal\/index.php?rest_route=%2Fwp%2Fv2%2Fcomments&post=20509"}],"version-history":[{"count":4,"href":"https:\/\/biebrich02.de\/portal\/index.php?rest_route=\/wp\/v2\/pages\/20509\/revisions"}],"predecessor-version":[{"id":20818,"href":"https:\/\/biebrich02.de\/portal\/index.php?rest_route=\/wp\/v2\/pages\/20509\/revisions\/20818"}],"wp:attachment":[{"href":"https:\/\/biebrich02.de\/portal\/index.php?rest_route=%2Fwp%2Fv2%2Fmedia&parent=20509"}],"curies":[{"name":"wp","href":"https:\/\/api.w.org\/{rel}","templated":true}]}}