{"id":20558,"date":"2025-06-03T02:49:07","date_gmt":"2025-06-03T00:49:07","guid":{"rendered":"https:\/\/biebrich02.de\/portal\/?page_id=20558"},"modified":"2025-06-03T03:07:15","modified_gmt":"2025-06-03T01:07:15","slug":"b3-junioren-archiv-2024-25","status":"publish","type":"page","link":"https:\/\/biebrich02.de\/portal\/?page_id=20558","title":{"rendered":"B3-Junioren Archiv 2024\/25"},"content":{"rendered":"\n<p class=\"has-text-align-center\"><strong>B3-Junioren des FV Biebrich 02 \u2013 Archiv 2024\/25<\/strong><\/p>\n\n\n\n<p class=\"has-text-align-center\"><strong>Kreisliga Wiesbaden 2024\/25, Gruppe 1<\/strong><\/p>\n\n\n\n<p class=\"has-text-align-center\">\u2013> <a href=\"https:\/\/biebrich02.de\/portal\/?page_id=17603\" data-type=\"link\" data-id=\"https:\/\/biebrich02.de\/portal\/?page_id=17603\">Home<\/a> | \u2013> <a href=\"https:\/\/biebrich02.de\/portal\/?page_id=17657\" data-type=\"link\" data-id=\"https:\/\/biebrich02.de\/portal\/?page_id=17657\">Unser Team<\/a> | \u2013> <a href=\"https:\/\/biebrich02.de\/portal\/?page_id=17663\" data-type=\"link\" data-id=\"https:\/\/biebrich02.de\/portal\/?page_id=17663\">Galerie<\/a> | \u2013> <a href=\"https:\/\/biebrich02.de\/portal\/?page_id=17649\" data-type=\"link\" data-id=\"https:\/\/biebrich02.de\/portal\/?page_id=17649\">DFB-Net Tabellenarchiv<\/a> | \u2013> <a href=\"https:\/\/biebrich02.de\/portal\/?page_id=20554\" data-type=\"link\" data-id=\"https:\/\/biebrich02.de\/portal\/?page_id=20554\">Archiv<\/a><\/p>\n\n\n\n<p class=\"has-text-align-center\"><strong>Hinweis: Die B3-Junioren des FV Biebrich 02 wurden zur\u00fcckgezogen.<\/strong><\/p>\n\n\n\n<p class=\"has-text-align-center\">Trainer: Yahya El Fachtali S.<\/p>\n\n\n\n<p class=\"has-text-align-center\">Trainer: Bouazza Nouri<\/p>\n\n\n\n<p class=\"has-text-align-center\"><strong>Spielplan der B3-Junioren des FV Biebrich 02 &#8211; Kreisliga Wiesbaden 2024\/25, Gruppe 1<\/strong><\/p>\n\n\n\n<figure class=\"wp-block-table is-style-stripes\"><table><tbody><tr><td> Datum<\/td><td>Spielpaarung<\/td><td>Ansto\u00df<\/td><\/tr><tr><td>Sa. 07. 09. 2024<\/td><td>FV Biebrich 02 III &#8211; <a href=\"https:\/\/svniedernhausen.de\/\" data-type=\"link\" data-id=\"https:\/\/svniedernhausen.de\/\">SV 1913 Niedernhausen<\/a> 1:8<\/td><td>15:30 Uhr<\/td><\/tr><tr><td>Sa. 14. 09. 2024<\/td><td><a href=\"https:\/\/www.vfr-wiesbaden.de\/\" data-type=\"link\" data-id=\"https:\/\/www.vfr-wiesbaden.de\/\">VfR Wiesbaden II<\/a> &#8211; FV Biebrich 02 III 6:0<\/td><td>16:45 Uhr<\/td><\/tr><tr><td>Sa. 21. 09. 2024<\/td><td>FV Biebrich 02 III &#8211; <a href=\"https:\/\/www.spvgg-sonnenberg.de\/\" data-type=\"link\" data-id=\"https:\/\/www.spvgg-sonnenberg.de\/\">SpVgg 1919 Sonnenberg II<\/a> 4:5<\/td><td>15:30 Uhr<\/td><\/tr><tr><td>Sa. 28. 09. 2024<\/td><td>Der FV Biebrich 02 III ist spielfrei.<\/td><td><\/td><\/tr><tr><td>Sa. 05. 10. 2024<\/td><td>FV Biebrich 02 III &#8211; <a href=\"https:\/\/www.fc34.de\/\" data-type=\"link\" data-id=\"https:\/\/www.fc34.de\/\">FC 1934 Bierstadt<\/a> 3:8<\/td><td>15:30 Uhr<\/td><\/tr><tr><td>Sa. 12. 10. 2024<\/td><td>FV Biebrich 02 III &#8211; <a href=\"https:\/\/www.svfrauenstein.de\/\" data-type=\"link\" data-id=\"https:\/\/www.svfrauenstein.de\/\">SV Frauenstein 1932<\/a> 2:1<\/td><td>15:30 Uhr<\/td><\/tr><tr><td>Sa. 02. 11. 2024<\/td><td>FVgg Kastel 06 &#8211; FV Biebrich 02 III 0:3 *<\/td><td>15:30 Uhr<\/td><\/tr><tr><td>Sa. 09. 11. 2024<\/td><td><a href=\"https:\/\/www.fc-naurod.de\/\" data-type=\"link\" data-id=\"https:\/\/www.fc-naurod.de\/\">1. FC Naurod 1928<\/a> &#8211; FV Biebrich 02 III 5:0<\/td><td>13:30 Uhr<\/td><\/tr><tr><td>Sa. 16. 11. 2024<\/td><td><a href=\"https:\/\/www.fcf1950.de\/\" data-type=\"link\" data-id=\"https:\/\/www.fcf1950.de\/\">FC 1950 Freudenberg II<\/a> &#8211; FV Biebrich 02 III 8:2<\/td><td>15:30 Uhr<\/td><\/tr><tr><td>Sa. 23. 11. 2024<\/td><td>FV Biebrich 02 III &#8211; <a href=\"https:\/\/ftw1896.de\/\" data-type=\"link\" data-id=\"https:\/\/ftw1896.de\/\">Freie Turnerschaft Wiesbaden 1896 III<\/a> 2:8<\/td><td>15:30 Uhr<\/td><\/tr><tr><td>Sa. 30. 11. 2024<\/td><td><a href=\"https:\/\/fsv-hellas-schierstein.jimdofree.com\/\" data-type=\"link\" data-id=\"https:\/\/fsv-hellas-schierstein.jimdofree.com\/\">FSV Hellas Schierstein 1968<\/a> &#8211; FV Biebrich 02 III 3:0 **<\/td><td>16:15 Uhr<\/td><\/tr><tr><td>Sa. 15. 02. 2025<\/td><td><a href=\"https:\/\/www.svfrauenstein.de\/\" data-type=\"link\" data-id=\"https:\/\/www.svfrauenstein.de\/\">SV Frauenstein 1932<\/a> &#8211; FV Biebrich 02 III 8:3<\/td><td>14:30 Uhr<\/td><\/tr><tr><td>Sa. 22. 02. 2025<\/td><td>FV Biebrich 02 III &#8211; FVgg Kastel 06 3:0 *<\/td><td>15:30 Uhr<\/td><\/tr><tr><td>Sa. 08. 03. 2025<\/td><td><a href=\"https:\/\/svniedernhausen.de\/\" data-type=\"link\" data-id=\"https:\/\/svniedernhausen.de\/\">SV 113 Niedernhausen<\/a> &#8211; FV Biebrich 02 III 3:0 **<\/td><td>14:30 Uhr<\/td><\/tr><tr><td>Sa. 15. 03. 2025<\/td><td>FV Biebrich 02 III &#8211; <a href=\"https:\/\/www.vfr-wiesbaden.de\/\" data-type=\"link\" data-id=\"https:\/\/www.vfr-wiesbaden.de\/\">VfR Wiesbaden<\/a> II 0:3 **<\/td><td>17:30 Uhr<\/td><\/tr><tr><td>Sa. 22. 03. 2025<\/td><td><a href=\"https:\/\/www.spvgg-sonnenberg.de\/\" data-type=\"link\" data-id=\"https:\/\/www.spvgg-sonnenberg.de\/\">SpVgg 1919 Sonnenberg II<\/a> &#8211; FV Biebrich 02 III 3:0 ***<\/td><td>17:30 Uhr<\/td><\/tr><tr><td>Sa. 29. 03. 2025<\/td><td>Der FV Biebrich 02 III ist spielfrei.<\/td><td><\/td><\/tr><tr><td>Sa. 26. 04. 2025<\/td><td><a href=\"https:\/\/www.fc34.de\/\" data-type=\"link\" data-id=\"https:\/\/www.fc34.de\/\">FC 1934 Bierstadt<\/a> &#8211; FV Biebrich 02 III 3:0 ***<\/td><td>16:00 Uhr<\/td><\/tr><tr><td>Sa. 03. 05. 2025<\/td><td>FV Biebrich 02 III &#8211; <a href=\"https:\/\/www.fc-naurod.de\/\" data-type=\"link\" data-id=\"https:\/\/www.fc-naurod.de\/\">1. FC Naurod 1928<\/a> 0:3 ***<\/td><td>15:30 Uhr<\/td><\/tr><tr><td>Sa. 10. 05. 2025<\/td><td>FV Biebrich 02 III &#8211; <a href=\"https:\/\/www.fcf1950.de\/\" data-type=\"link\" data-id=\"https:\/\/www.fcf1950.de\/\">FC 1950 Freudenberg II<\/a> 0:3 ***<\/td><td>15:30 Uhr<\/td><\/tr><tr><td>Sa. 17. 05. 2025<\/td><td><a href=\"https:\/\/ftw1896.de\/\" data-type=\"link\" data-id=\"https:\/\/ftw1896.de\/\">Freie Turnerschaft Wiesbaden 1896 III<\/a> &#8211; FV Biebrich 02 III 3:0 ***<\/td><td>15:30 Uhr<\/td><\/tr><tr><td>Sa. 24. 05. 2025<\/td><td>FV Biebrich 02 III &#8211; <a href=\"https:\/\/fsv-hellas-schierstein.jimdofree.com\/\" data-type=\"link\" data-id=\"https:\/\/fsv-hellas-schierstein.jimdofree.com\/\">FSV Hellas Schierstein 1968<\/a> 0:3 ***<\/td><td>15:30 Uhr<\/td><\/tr><\/tbody><\/table><\/figure>\n\n\n\n<p>Hinweis: * Wertung; die FVgg Kastel 06 hat zur\u00fcckgezogen. ** Wertung; der FV Biebrich 02 III ist nicht angetreten. *** Wertung; der FV Biebrich 02 III hat zur\u00fcckgezogen.<\/p>\n\n\n\n<p class=\"has-text-align-left\">Hinweis: Um eine schnellstm\u00f6gliche Information \u00fcber Spielergebnisse und Tabellenst\u00e4nde gew\u00e4hrleisten zu k\u00f6nnen, binden wir die sogenannten FUSSBALL.DE-Widgets auf unseren Seiten ein. Wir weisen Sie hiermit explizit auf den Einsatz dieser Widgets und die damit verbundenen \u2013&gt; <a href=\"http:\/\/www.fussball.de\/privacy\">Datenschutzbestimmungen<\/a>, insbesondere im Bereich \u201eWebtracking\u201c, von \u2013&gt; <a href=\"http:\/\/www.fussball.de\">FUSSBALL.DE<\/a> hin.<\/p>\n\n\n\n<div\n  class=\"fussballde_widget\"\n  data-id=\"e6d40d06-b844-4d3b-a88b-5339a09d566b\"\n  data-type=\"competition\">\n<\/div>\n","protected":false},"excerpt":{"rendered":"<p>B3-Junioren des FV Biebrich 02 \u2013 Archiv 2024\/25 Kreisliga Wiesbaden 2024\/25, Gruppe 1 \u2013> Home | \u2013> Unser Team | \u2013> Galerie | \u2013> DFB-Net Tabellenarchiv | \u2013> Archiv Hinweis: Die B3-Junioren des FV Biebrich 02 wurden zur\u00fcckgezogen. Trainer: Yahya El Fachtali S. Trainer: Bouazza Nouri Spielplan der B3-Junioren des FV Biebrich 02 &#8211; Kreisliga [&hellip;]<\/p>\n","protected":false},"author":1,"featured_media":0,"parent":0,"menu_order":0,"comment_status":"closed","ping_status":"closed","template":"","meta":{"footnotes":""},"class_list":["post-20558","page","type-page","status-publish","hentry"],"_links":{"self":[{"href":"https:\/\/biebrich02.de\/portal\/index.php?rest_route=\/wp\/v2\/pages\/20558","targetHints":{"allow":["GET"]}}],"collection":[{"href":"https:\/\/biebrich02.de\/portal\/index.php?rest_route=\/wp\/v2\/pages"}],"about":[{"href":"https:\/\/biebrich02.de\/portal\/index.php?rest_route=\/wp\/v2\/types\/page"}],"author":[{"embeddable":true,"href":"https:\/\/biebrich02.de\/portal\/index.php?rest_route=\/wp\/v2\/users\/1"}],"replies":[{"embeddable":true,"href":"https:\/\/biebrich02.de\/portal\/index.php?rest_route=%2Fwp%2Fv2%2Fcomments&post=20558"}],"version-history":[{"count":3,"href":"https:\/\/biebrich02.de\/portal\/index.php?rest_route=\/wp\/v2\/pages\/20558\/revisions"}],"predecessor-version":[{"id":20568,"href":"https:\/\/biebrich02.de\/portal\/index.php?rest_route=\/wp\/v2\/pages\/20558\/revisions\/20568"}],"wp:attachment":[{"href":"https:\/\/biebrich02.de\/portal\/index.php?rest_route=%2Fwp%2Fv2%2Fmedia&parent=20558"}],"curies":[{"name":"wp","href":"https:\/\/api.w.org\/{rel}","templated":true}]}}